{"id":17653,"date":"2024-07-01T23:55:06","date_gmt":"2024-07-02T02:55:06","guid":{"rendered":"https:\/\/farmaciadagostino.com.ar\/sitio\/?post_type=product&#038;p=17653"},"modified":"2026-03-09T10:25:56","modified_gmt":"2026-03-09T13:25:56","slug":"sedal-jengibre-y-ricino-crema-para-peinar-x-300-ml","status":"publish","type":"product","link":"https:\/\/farmaciadagostino.com.ar\/sitio\/producto\/sedal-jengibre-y-ricino-crema-para-peinar-x-300-ml\/","title":{"rendered":"Sedal Jengibre Y Ricino Crema Para Peinar x 300 ml"},"content":{"rendered":"<p>Crema para peinar colecci\u00f3n Sedal Natural &#8211; 92% ingredientes de origen natural<\/p>\n<p>Jengibre &amp; \u00d3leo de Ricino<br \/>\n Pelo largo y fuerte<br \/>\n 92% ingredientes de origen natural<br \/>\nHidrata el cabello dej\u00e1ndolo con un brillo incre\u00edble y frizz controlado!<br \/>\n Prob\u00e1 toda la l\u00ednea de Sedal Colecci\u00f3n Natural, Jengibre y Ricino<br \/>\n Nuestras f\u00f3rmulas exclusivas est\u00e1n dise\u00f1adas cuidadosamente con 92% de ingredientes de origen natural, ingredientes org\u00e1nicos y con botellas 100% reciclables.<br \/>\nTodo esto nos ayuda a reparar y nutrir profundamente tu pelo dej\u00e1ndolo fuerte y saludable mientras cuidamos el medioambiente.<\/p>\n<p>Modo de uso: apl\u00edcalo sobre el cabello h\u00famedo de medios a puntas. P\u00e9inalo como de costumbre. No necesita enjuague.<\/p>\n","protected":false},"excerpt":{"rendered":"<p>Crema para peinar colecci\u00f3n Sedal Natural &#8211; 92% ingredientes de origen natural<\/p>\n<p>Jengibre &amp; \u00d3leo de Ricino<br \/>\n Pelo largo y fuerte<br \/>\n 92% ingredientes de origen natural<br \/>\nHidrata el cabello dej\u00e1ndolo con un brillo incre\u00edble y frizz controlado!<br \/>\n Prob\u00e1 toda la l\u00ednea de Sedal Colecci\u00f3n Natural, Jengibre y Ricino<br \/>\n Nuestras f\u00f3rmulas exclusivas est\u00e1n dise\u00f1adas cuidadosamente con 92% de ingredientes de origen natural, ingredientes org\u00e1nicos y con botellas 100% reciclables<\/p>\n","protected":false},"featured_media":10852,"comment_status":"open","ping_status":"closed","template":"","meta":[],"product_brand":[],"product_cat":[237,152],"product_tag":[],"class_list":{"0":"post-17653","1":"product","2":"type-product","3":"status-publish","4":"has-post-thumbnail","6":"product_cat-belleza","7":"product_cat-cuidado-personal","9":"first","10":"instock","11":"shipping-taxable","12":"purchasable","13":"product-type-simple"},"_links":{"self":[{"href":"https:\/\/farmaciadagostino.com.ar\/sitio\/wp-json\/wp\/v2\/product\/17653","targetHints":{"allow":["GET"]}}],"collection":[{"href":"https:\/\/farmaciadagostino.com.ar\/sitio\/wp-json\/wp\/v2\/product"}],"about":[{"href":"https:\/\/farmaciadagostino.com.ar\/sitio\/wp-json\/wp\/v2\/types\/product"}],"replies":[{"embeddable":true,"href":"https:\/\/farmaciadagostino.com.ar\/sitio\/wp-json\/wp\/v2\/comments?post=17653"}],"wp:featuredmedia":[{"embeddable":true,"href":"https:\/\/farmaciadagostino.com.ar\/sitio\/wp-json\/wp\/v2\/media\/10852"}],"wp:attachment":[{"href":"https:\/\/farmaciadagostino.com.ar\/sitio\/wp-json\/wp\/v2\/media?parent=17653"}],"wp:term":[{"taxonomy":"product_brand","embeddable":true,"href":"https:\/\/farmaciadagostino.com.ar\/sitio\/wp-json\/wp\/v2\/product_brand?post=17653"},{"taxonomy":"product_cat","embeddable":true,"href":"https:\/\/farmaciadagostino.com.ar\/sitio\/wp-json\/wp\/v2\/product_cat?post=17653"},{"taxonomy":"product_tag","embeddable":true,"href":"https:\/\/farmaciadagostino.com.ar\/sitio\/wp-json\/wp\/v2\/product_tag?post=17653"}],"curies":[{"name":"wp","href":"https:\/\/api.w.org\/{rel}","templated":true}]}}