{"id":17669,"date":"2024-07-01T23:55:15","date_gmt":"2024-07-02T02:55:15","guid":{"rendered":"https:\/\/farmaciadagostino.com.ar\/sitio\/?post_type=product&#038;p=17669"},"modified":"2026-03-09T10:25:56","modified_gmt":"2026-03-09T13:25:56","slug":"fascino-set-nails-manzana","status":"publish","type":"product","link":"https:\/\/farmaciadagostino.com.ar\/sitio\/producto\/fascino-set-nails-manzana\/","title":{"rendered":"Fascino Set Nails Manzana"},"content":{"rendered":"<p>Fasino Nails Care: Nombre: SET NAILS MANZANA. Set de beauty tools de manicuria y belleza, en un tentador estuche en forma de manzana. Practicidad y belleza en un kit imperdible.<br \/>\n-Alicate grande: Para cortar las u\u00f1as de pies.<br \/>\n-Alicate chico: Para cortar las u\u00f1as de manos.<br \/>\n-Lima de u\u00f1a: Ideal para limar las u\u00f1as. Su punta puntiaguda, act\u00faa como limpia u\u00f1as.<br \/>\n-Tijera: Se usa para rebajar y cortar las u\u00f1as de las manos y de los pies. Adem\u00e1s de cortar u\u00f1as, permiten trabajar las peque\u00f1as esquinas y pieles.<br \/>\n-Pinza de depilar:La pinza de depilar de punta sesgada, por su forma inclinada, facilita la extracci\u00f3n del vello incluso para los m\u00e1s cortos y rebeldes de las cejas<br \/>\n&#8211; Removedor corta cuticula: producto para para alejar y despegar la cut\u00edcula de las u\u00f1as<br \/>\n-Extractor y removedor de acn\u00e9: Elimina puntos negros y otras impurezas de la piel como granos y espinillas.<br \/>\n&#8211; Barrecuriculas: su funci\u00f3n principal reside en retirar y esconder las cut\u00edculas hacia atr\u00e1s, para que la u\u00f1a crezca de forma \u00f3ptima y no se clave.<br \/>\n-Limpiador: permite extraer residuos que pudieran quedar debajo de las u\u00f1as<\/p>\n","protected":false},"excerpt":{"rendered":"<p>Fasino Nails Care: Nombre: SET NAILS MANZANA<\/p>\n","protected":false},"featured_media":19628,"comment_status":"open","ping_status":"closed","template":"","meta":[],"product_brand":[],"product_cat":[237],"product_tag":[],"class_list":{"0":"post-17669","1":"product","2":"type-product","3":"status-publish","4":"has-post-thumbnail","6":"product_cat-belleza","8":"first","9":"instock","10":"shipping-taxable","11":"purchasable","12":"product-type-simple"},"_links":{"self":[{"href":"https:\/\/farmaciadagostino.com.ar\/sitio\/wp-json\/wp\/v2\/product\/17669","targetHints":{"allow":["GET"]}}],"collection":[{"href":"https:\/\/farmaciadagostino.com.ar\/sitio\/wp-json\/wp\/v2\/product"}],"about":[{"href":"https:\/\/farmaciadagostino.com.ar\/sitio\/wp-json\/wp\/v2\/types\/product"}],"replies":[{"embeddable":true,"href":"https:\/\/farmaciadagostino.com.ar\/sitio\/wp-json\/wp\/v2\/comments?post=17669"}],"wp:featuredmedia":[{"embeddable":true,"href":"https:\/\/farmaciadagostino.com.ar\/sitio\/wp-json\/wp\/v2\/media\/19628"}],"wp:attachment":[{"href":"https:\/\/farmaciadagostino.com.ar\/sitio\/wp-json\/wp\/v2\/media?parent=17669"}],"wp:term":[{"taxonomy":"product_brand","embeddable":true,"href":"https:\/\/farmaciadagostino.com.ar\/sitio\/wp-json\/wp\/v2\/product_brand?post=17669"},{"taxonomy":"product_cat","embeddable":true,"href":"https:\/\/farmaciadagostino.com.ar\/sitio\/wp-json\/wp\/v2\/product_cat?post=17669"},{"taxonomy":"product_tag","embeddable":true,"href":"https:\/\/farmaciadagostino.com.ar\/sitio\/wp-json\/wp\/v2\/product_tag?post=17669"}],"curies":[{"name":"wp","href":"https:\/\/api.w.org\/{rel}","templated":true}]}}