{"id":17714,"date":"2024-07-01T23:55:31","date_gmt":"2024-07-02T02:55:31","guid":{"rendered":"https:\/\/farmaciadagostino.com.ar\/sitio\/?post_type=product&#038;p=17714"},"modified":"2026-03-09T10:25:56","modified_gmt":"2026-03-09T13:25:56","slug":"elea-caladryl-locion-x-100-ml","status":"publish","type":"product","link":"https:\/\/farmaciadagostino.com.ar\/sitio\/producto\/elea-caladryl-locion-x-100-ml\/","title":{"rendered":"Elea Caladryl Locion X 100 ml"},"content":{"rendered":"<h4 style=\", sans-serif;line-height: 28px;font-size: 18px;letter-spacing: normal;text-transform: none\"><font color=\"#3984c6\"><b>CALADRYL LOCI\u00d3N<\/b><br \/><span style=\"font-size: 14px\">CALAMINA + DIFENHIDRAMINA<\/span><\/font><\/h4>\n<div style=\", sans-serif\"><span style=\"font-size: 14px\"><b><font color=\"#085294\">ANTIPRURIGINOSO.<\/font><\/b><\/span><\/div>\n<div style=\", sans-serif\"><font color=\"#3984c6\"><span style=\"font-size: 14px\"><br \/><\/span><\/font><\/div>\n<div style=\", sans-serif\"><span style=\"font-size: 14px\">Proporciona alivio temporario de la picaz\u00f3n, inflamaci\u00f3n y dolor asociado con irritaciones menores de la piel, picaz\u00f3n de causa al\u00e9rgica, erupciones, picadoras de insectos, quemaduras de sol, quemaduras leves en general y sarpullido estival.<\/span><\/div>\n","protected":false},"excerpt":{"rendered":"<p>CALADRYL LOCI\u00d3NCALAMINA + DIFENHIDRAMINAANTIPRURIGINOSO<\/p>\n","protected":false},"featured_media":12067,"comment_status":"open","ping_status":"closed","template":"","meta":[],"product_brand":[],"product_cat":[152,149],"product_tag":[],"class_list":{"0":"post-17714","1":"product","2":"type-product","3":"status-publish","4":"has-post-thumbnail","6":"product_cat-cuidado-personal","7":"product_cat-farmacia","9":"first","10":"instock","11":"shipping-taxable","12":"purchasable","13":"product-type-simple"},"_links":{"self":[{"href":"https:\/\/farmaciadagostino.com.ar\/sitio\/wp-json\/wp\/v2\/product\/17714","targetHints":{"allow":["GET"]}}],"collection":[{"href":"https:\/\/farmaciadagostino.com.ar\/sitio\/wp-json\/wp\/v2\/product"}],"about":[{"href":"https:\/\/farmaciadagostino.com.ar\/sitio\/wp-json\/wp\/v2\/types\/product"}],"replies":[{"embeddable":true,"href":"https:\/\/farmaciadagostino.com.ar\/sitio\/wp-json\/wp\/v2\/comments?post=17714"}],"wp:featuredmedia":[{"embeddable":true,"href":"https:\/\/farmaciadagostino.com.ar\/sitio\/wp-json\/wp\/v2\/media\/12067"}],"wp:attachment":[{"href":"https:\/\/farmaciadagostino.com.ar\/sitio\/wp-json\/wp\/v2\/media?parent=17714"}],"wp:term":[{"taxonomy":"product_brand","embeddable":true,"href":"https:\/\/farmaciadagostino.com.ar\/sitio\/wp-json\/wp\/v2\/product_brand?post=17714"},{"taxonomy":"product_cat","embeddable":true,"href":"https:\/\/farmaciadagostino.com.ar\/sitio\/wp-json\/wp\/v2\/product_cat?post=17714"},{"taxonomy":"product_tag","embeddable":true,"href":"https:\/\/farmaciadagostino.com.ar\/sitio\/wp-json\/wp\/v2\/product_tag?post=17714"}],"curies":[{"name":"wp","href":"https:\/\/api.w.org\/{rel}","templated":true}]}}