{"id":17741,"date":"2024-07-01T23:55:42","date_gmt":"2024-07-02T02:55:42","guid":{"rendered":"https:\/\/farmaciadagostino.com.ar\/sitio\/?post_type=product&#038;p=17741"},"modified":"2026-03-09T10:18:57","modified_gmt":"2026-03-09T13:18:57","slug":"boos-solucion-para-lentes-de-contacto-renu-advanced-x-120-ml","status":"publish","type":"product","link":"https:\/\/farmaciadagostino.com.ar\/sitio\/producto\/boos-solucion-para-lentes-de-contacto-renu-advanced-x-120-ml\/","title":{"rendered":"Boos Soluci\u00f3n Para Lentes de Contacto Renu Advanced x 120 ml"},"content":{"rendered":"<p> Soluci\u00f3n multiprop\u00f3sito de Bausch+Lomb para el cuidado de los lentes de contacto, ofrece mayor comodidad y desinfecci\u00f3n gracias a su sistema de triple desinfecci\u00f3n y eliminando el 99% de los g\u00e9rmenes.<\/p>\n<h5>Beneficios:<\/h5>\n<p>La soluci\u00f3n ofrece hasta 20 horas de humectaci\u00f3n, limpieza total y ayuda a prevenir la formaci\u00f3n de dep\u00f3sitos en los lentes de contacto. Cuenta con un estuche y para lentes de contacto blandos incluye lentes de hidrogel de silicona. <\/p>\n","protected":false},"excerpt":{"rendered":"<p> Soluci\u00f3n multiprop\u00f3sito de Bausch+Lomb para el cuidado de los lentes de contacto, ofrece mayor comodidad y desinfecci\u00f3n gracias a su sistema de triple desinfecci\u00f3n y eliminando el 99% de los g\u00e9rmenes<\/p>\n","protected":false},"featured_media":7225,"comment_status":"open","ping_status":"closed","template":"","meta":[],"product_brand":[],"product_cat":[149],"product_tag":[],"class_list":{"0":"post-17741","1":"product","2":"type-product","3":"status-publish","4":"has-post-thumbnail","6":"product_cat-farmacia","8":"first","9":"instock","10":"shipping-taxable","11":"purchasable","12":"product-type-simple"},"_links":{"self":[{"href":"https:\/\/farmaciadagostino.com.ar\/sitio\/wp-json\/wp\/v2\/product\/17741","targetHints":{"allow":["GET"]}}],"collection":[{"href":"https:\/\/farmaciadagostino.com.ar\/sitio\/wp-json\/wp\/v2\/product"}],"about":[{"href":"https:\/\/farmaciadagostino.com.ar\/sitio\/wp-json\/wp\/v2\/types\/product"}],"replies":[{"embeddable":true,"href":"https:\/\/farmaciadagostino.com.ar\/sitio\/wp-json\/wp\/v2\/comments?post=17741"}],"wp:featuredmedia":[{"embeddable":true,"href":"https:\/\/farmaciadagostino.com.ar\/sitio\/wp-json\/wp\/v2\/media\/7225"}],"wp:attachment":[{"href":"https:\/\/farmaciadagostino.com.ar\/sitio\/wp-json\/wp\/v2\/media?parent=17741"}],"wp:term":[{"taxonomy":"product_brand","embeddable":true,"href":"https:\/\/farmaciadagostino.com.ar\/sitio\/wp-json\/wp\/v2\/product_brand?post=17741"},{"taxonomy":"product_cat","embeddable":true,"href":"https:\/\/farmaciadagostino.com.ar\/sitio\/wp-json\/wp\/v2\/product_cat?post=17741"},{"taxonomy":"product_tag","embeddable":true,"href":"https:\/\/farmaciadagostino.com.ar\/sitio\/wp-json\/wp\/v2\/product_tag?post=17741"}],"curies":[{"name":"wp","href":"https:\/\/api.w.org\/{rel}","templated":true}]}}