{"id":18067,"date":"2024-07-02T11:23:36","date_gmt":"2024-07-02T14:23:36","guid":{"rendered":"https:\/\/farmaciadagostino.com.ar\/sitio\/?post_type=product&#038;p=18067"},"modified":"2026-03-09T10:10:55","modified_gmt":"2026-03-09T13:10:55","slug":"bagovit-ae-emul-x-400-ml","status":"publish","type":"product","link":"https:\/\/farmaciadagostino.com.ar\/sitio\/producto\/bagovit-ae-emul-x-400-ml\/","title":{"rendered":"BAGOVIT AE EMUL X 400 ML"},"content":{"rendered":"<p>Su f\u00f3rmula fue dise\u00f1ada para incrementar la elasticidad de la piel, estimular la regeneraci\u00f3n d\u00e9rmica y aportarle la humectaci\u00f3n que necesita. Recomendada para el embarazo y etapas posteriores.Previene eficazmente la aparici\u00f3n de estr\u00edas atr\u00f3ficas durante el embarazo y meses posteriores. Su agradable textura fluida, que concentra altas concentraciones de Vitamina A, favorece la aplicaci\u00f3n en todo el cuerpo y una r\u00e1pida absorci\u00f3n<\/p>\n","protected":false},"excerpt":{"rendered":"<p>Su f\u00f3rmula fue dise\u00f1ada para incrementar la elasticidad de la piel, estimular la regeneraci\u00f3n d\u00e9rmica y aportarle la humectaci\u00f3n que necesita. Recomendada para el embarazo y etapas posteriores.Previene eficazmente la aparici\u00f3n de estr\u00edas atr\u00f3ficas durante el embarazo y meses posteriores. Su agradable textura fluida, que concentra altas concentraciones de Vitamina A, favorece la aplicaci\u00f3n en [&hellip;]<\/p>\n","protected":false},"featured_media":14243,"comment_status":"open","ping_status":"closed","template":"","meta":[],"product_brand":[],"product_cat":[237,162],"product_tag":[],"class_list":{"0":"post-18067","1":"product","2":"type-product","3":"status-publish","4":"has-post-thumbnail","6":"product_cat-belleza","7":"product_cat-dermocosmetica","9":"first","10":"instock","11":"shipping-taxable","12":"purchasable","13":"product-type-simple"},"_links":{"self":[{"href":"https:\/\/farmaciadagostino.com.ar\/sitio\/wp-json\/wp\/v2\/product\/18067","targetHints":{"allow":["GET"]}}],"collection":[{"href":"https:\/\/farmaciadagostino.com.ar\/sitio\/wp-json\/wp\/v2\/product"}],"about":[{"href":"https:\/\/farmaciadagostino.com.ar\/sitio\/wp-json\/wp\/v2\/types\/product"}],"replies":[{"embeddable":true,"href":"https:\/\/farmaciadagostino.com.ar\/sitio\/wp-json\/wp\/v2\/comments?post=18067"}],"wp:featuredmedia":[{"embeddable":true,"href":"https:\/\/farmaciadagostino.com.ar\/sitio\/wp-json\/wp\/v2\/media\/14243"}],"wp:attachment":[{"href":"https:\/\/farmaciadagostino.com.ar\/sitio\/wp-json\/wp\/v2\/media?parent=18067"}],"wp:term":[{"taxonomy":"product_brand","embeddable":true,"href":"https:\/\/farmaciadagostino.com.ar\/sitio\/wp-json\/wp\/v2\/product_brand?post=18067"},{"taxonomy":"product_cat","embeddable":true,"href":"https:\/\/farmaciadagostino.com.ar\/sitio\/wp-json\/wp\/v2\/product_cat?post=18067"},{"taxonomy":"product_tag","embeddable":true,"href":"https:\/\/farmaciadagostino.com.ar\/sitio\/wp-json\/wp\/v2\/product_tag?post=18067"}],"curies":[{"name":"wp","href":"https:\/\/api.w.org\/{rel}","templated":true}]}}