{"id":18255,"date":"2024-07-02T11:24:37","date_gmt":"2024-07-02T14:24:37","guid":{"rendered":"https:\/\/farmaciadagostino.com.ar\/sitio\/?post_type=product&#038;p=18255"},"modified":"2026-03-09T10:26:01","modified_gmt":"2026-03-09T13:26:01","slug":"pharmamerican-colageno-siluett-cho-vit-way-fx450g","status":"publish","type":"product","link":"https:\/\/farmaciadagostino.com.ar\/sitio\/producto\/pharmamerican-colageno-siluett-cho-vit-way-fx450g\/","title":{"rendered":"PHARMAMERICAN COLAGENO SILUETT CHO VIT.WAY FX450G"},"content":{"rendered":"<p>Detalles de Vitamin Way Batido Col\u00e1geno Siluett Sabor Chocolate 450 grs<br \/>\nColabora aportando saciedad y promueve la termog\u00e9nesis. Ayuda a mantener la tonicidad muscular y firmeza de la piel. BENEFICIOS: Colabora en la implementaci\u00f3n de h\u00e1bitos saludables.Ayuda a disminuir el apetito. INGREDIENTES PRINCIPALES: Prebi\u00f3ticos, col\u00e1geno, prote\u00ednas de suero, Vitaminas varias. PUBLICO Personas de 20 a 65 a\u00f1os.<\/p>\n","protected":false},"excerpt":{"rendered":"<p>Vitamin Way Batido Col\u00e1geno Siluett Sabor Chocolate 450 grs<\/p>\n","protected":false},"featured_media":14501,"comment_status":"open","ping_status":"closed","template":"","meta":[],"product_brand":[],"product_cat":[149],"product_tag":[],"class_list":{"0":"post-18255","1":"product","2":"type-product","3":"status-publish","4":"has-post-thumbnail","6":"product_cat-farmacia","8":"first","9":"instock","10":"shipping-taxable","11":"purchasable","12":"product-type-simple"},"_links":{"self":[{"href":"https:\/\/farmaciadagostino.com.ar\/sitio\/wp-json\/wp\/v2\/product\/18255","targetHints":{"allow":["GET"]}}],"collection":[{"href":"https:\/\/farmaciadagostino.com.ar\/sitio\/wp-json\/wp\/v2\/product"}],"about":[{"href":"https:\/\/farmaciadagostino.com.ar\/sitio\/wp-json\/wp\/v2\/types\/product"}],"replies":[{"embeddable":true,"href":"https:\/\/farmaciadagostino.com.ar\/sitio\/wp-json\/wp\/v2\/comments?post=18255"}],"wp:featuredmedia":[{"embeddable":true,"href":"https:\/\/farmaciadagostino.com.ar\/sitio\/wp-json\/wp\/v2\/media\/14501"}],"wp:attachment":[{"href":"https:\/\/farmaciadagostino.com.ar\/sitio\/wp-json\/wp\/v2\/media?parent=18255"}],"wp:term":[{"taxonomy":"product_brand","embeddable":true,"href":"https:\/\/farmaciadagostino.com.ar\/sitio\/wp-json\/wp\/v2\/product_brand?post=18255"},{"taxonomy":"product_cat","embeddable":true,"href":"https:\/\/farmaciadagostino.com.ar\/sitio\/wp-json\/wp\/v2\/product_cat?post=18255"},{"taxonomy":"product_tag","embeddable":true,"href":"https:\/\/farmaciadagostino.com.ar\/sitio\/wp-json\/wp\/v2\/product_tag?post=18255"}],"curies":[{"name":"wp","href":"https:\/\/api.w.org\/{rel}","templated":true}]}}