{"id":18291,"date":"2024-07-02T11:24:46","date_gmt":"2024-07-02T14:24:46","guid":{"rendered":"https:\/\/farmaciadagostino.com.ar\/sitio\/?post_type=product&#038;p=18291"},"modified":"2026-03-09T10:26:01","modified_gmt":"2026-03-09T13:26:01","slug":"solenil-prot-sol-facial-f30color-cr-x-50gr","status":"publish","type":"product","link":"https:\/\/farmaciadagostino.com.ar\/sitio\/producto\/solenil-prot-sol-facial-f30color-cr-x-50gr\/","title":{"rendered":"SOLENIL PROT SOL FACIAL F30+COLOR CR X 50GR"},"content":{"rendered":"<p>Detalles de Solenil Protector Solar Facial Fps30 (Color) 50 gr.<br \/>\nProtector solar en crema con FPS30+ ideal para pieles extremadamente sensibles.<\/p>\n<p>Ofrece muy alta protecci\u00f3n contra quemaduras solares.<\/p>\n<p>Ayuda a prevenir las quemaduras producidas por los rayos ultravioletas.<\/p>\n<p>Protecci\u00f3n solar con FPS30+<br \/>\nPara todo tipo del pieles<br \/>\nIdeal en pieles muy sensibles<br \/>\nResistente al agua<br \/>\nUVA-UVB FPS+ 30 UVA 17<br \/>\nMineral Oil Free<br \/>\nParaben Free<br \/>\nModo de uso: apl\u00edquese generosamente antes de la exposici\u00f3n al sol.<\/p>\n<p>Aplicar tan frecuentemente como sea necesario despu\u00e9s de nadar, secarse con la toalla, sudoraci\u00f3n intensa o luego de un tiempo prolongado de exposici\u00f3n solar.<\/p>\n<p>Es necesario reiterar la aplicaci\u00f3n para mantener la efectividad del producto.<\/p>\n","protected":false},"excerpt":{"rendered":"<p>Solenil Protector Solar Facial Fps30 (Color) 50 gr.<\/p>\n","protected":false},"featured_media":14419,"comment_status":"open","ping_status":"closed","template":"","meta":[],"product_brand":[],"product_cat":[237,162],"product_tag":[],"class_list":{"0":"post-18291","1":"product","2":"type-product","3":"status-publish","4":"has-post-thumbnail","6":"product_cat-belleza","7":"product_cat-dermocosmetica","9":"first","10":"instock","11":"shipping-taxable","12":"purchasable","13":"product-type-simple"},"_links":{"self":[{"href":"https:\/\/farmaciadagostino.com.ar\/sitio\/wp-json\/wp\/v2\/product\/18291","targetHints":{"allow":["GET"]}}],"collection":[{"href":"https:\/\/farmaciadagostino.com.ar\/sitio\/wp-json\/wp\/v2\/product"}],"about":[{"href":"https:\/\/farmaciadagostino.com.ar\/sitio\/wp-json\/wp\/v2\/types\/product"}],"replies":[{"embeddable":true,"href":"https:\/\/farmaciadagostino.com.ar\/sitio\/wp-json\/wp\/v2\/comments?post=18291"}],"wp:featuredmedia":[{"embeddable":true,"href":"https:\/\/farmaciadagostino.com.ar\/sitio\/wp-json\/wp\/v2\/media\/14419"}],"wp:attachment":[{"href":"https:\/\/farmaciadagostino.com.ar\/sitio\/wp-json\/wp\/v2\/media?parent=18291"}],"wp:term":[{"taxonomy":"product_brand","embeddable":true,"href":"https:\/\/farmaciadagostino.com.ar\/sitio\/wp-json\/wp\/v2\/product_brand?post=18291"},{"taxonomy":"product_cat","embeddable":true,"href":"https:\/\/farmaciadagostino.com.ar\/sitio\/wp-json\/wp\/v2\/product_cat?post=18291"},{"taxonomy":"product_tag","embeddable":true,"href":"https:\/\/farmaciadagostino.com.ar\/sitio\/wp-json\/wp\/v2\/product_tag?post=18291"}],"curies":[{"name":"wp","href":"https:\/\/api.w.org\/{rel}","templated":true}]}}