{"id":20102,"date":"2024-07-04T08:48:12","date_gmt":"2024-07-04T11:48:12","guid":{"rendered":"https:\/\/farmaciadagostino.com.ar\/sitio\/?post_type=product&#038;p=20102"},"modified":"2026-03-09T10:19:02","modified_gmt":"2026-03-09T13:19:02","slug":"nivea-cr-facial-anti-edad-45-x50ml","status":"publish","type":"product","link":"https:\/\/farmaciadagostino.com.ar\/sitio\/producto\/nivea-cr-facial-anti-edad-45-x50ml\/","title":{"rendered":"NIVEA CR FACIAL ANTI-EDAD 45+ X50ML"},"content":{"rendered":"<p>Descripci\u00f3n.<br \/>\nLa Crema facial revitalizante NIVEA Antiarrugas 45+ proporciona firmeza, gracias al Aceite de Semillas de Damasco; previene el envejecimiento por su ingrediente antiedad; y filtros UV que la protegen contra el sol. Reduce visiblemente las arrugas y brinda humectaci\u00f3n intensiva, ayudando a fortalecer la firmeza de la piel. Su envase est\u00e1 fabricado con 50% de material reciclado. Es apta para todo tipo de pieles.<br \/>\nNIVEA es la marca N\u00ba 1 en el cuidado de la piel en el Mundo y en Argentina, con m\u00e1s de 100 a\u00f1os de trayectoria. Desde que inventamos la primera crema, NIVEA Creme, desarrollamos investigaci\u00f3n constante para producir innovaciones que atiendan a cada necesidad de la piel de toda la familia. Nuestros investigadores se centran especialmente en la individualidad de la piel humana y en las diferentes necesidades de cuidado. Lo que ha dado como resultado que en las \u00faltimas d\u00e9cadas hayamos creado numerosos productos innovadores para el cuidado de la piel, desde desodorantes hasta productos de protecci\u00f3n solar.<\/p>\n<p>Beneficios.<br \/>\nReduce visiblemente las arrugas .<br \/>\nMejora la vitalidad de la piel .<br \/>\nHidrataci\u00f3n intensa y duradera .<br \/>\nEnvase 50% reciclado .<br \/>\nApta para todo tipo de piel.<\/p>\n<p>Modo Uso.<br \/>\n1\u00b0 Limpiar el rostro.<br \/>\n2\u00b0 Aplicar NIVEA Antiarrugas Crema facial revitalizante 45+ cada ma\u00f1ana.<br \/>\n3\u00b0 Masajear el producto con suavidad sobre la piel.<\/p>\n<p>Composici\u00f3n.<br \/>\nAqua, Glycerin, Butyrospermum Parkii Butter, Cetearyl Alcohol, Ethylhexyl Salicylate, Methylpropanediol, Alcohol Denat., Glyceryl Stearate SE, Butyl Methoxydibenzoylmethane, Octocrylene, C12-15 Alkyl Benzoate, Caprylic\/Capric Triglyceride, Hydrogenated Coco-Glycerides, Phenylbenzimidazole Sulfonic Acid, Prunus Armeniaca Kernel Oil, Tocopheryl Acetate, Ubiquinone, Carbomer, Xanthan Gum, Trisodium EDTA, Ethylhexylglycerin, Sodium Hydroxide, Phenoxyethanol, Parfum<\/p>\n<p>Presentaci\u00f3n.<br \/>\n50 Ml.<\/p>\n","protected":false},"excerpt":{"rendered":"<p>Crema facial NIVEA Antiarrugas con Aceite de Arg\u00e1n 45+ x 50 ml<\/p>\n","protected":false},"featured_media":20039,"comment_status":"open","ping_status":"closed","template":"","meta":[],"product_brand":[],"product_cat":[237,262,162,264],"product_tag":[],"class_list":{"0":"post-20102","1":"product","2":"type-product","3":"status-publish","4":"has-post-thumbnail","6":"product_cat-belleza","7":"product_cat-promo","8":"product_cat-dermocosmetica","9":"product_cat-ofertas","11":"first","12":"instock","13":"sale","14":"shipping-taxable","15":"purchasable","16":"product-type-simple"},"_links":{"self":[{"href":"https:\/\/farmaciadagostino.com.ar\/sitio\/wp-json\/wp\/v2\/product\/20102","targetHints":{"allow":["GET"]}}],"collection":[{"href":"https:\/\/farmaciadagostino.com.ar\/sitio\/wp-json\/wp\/v2\/product"}],"about":[{"href":"https:\/\/farmaciadagostino.com.ar\/sitio\/wp-json\/wp\/v2\/types\/product"}],"replies":[{"embeddable":true,"href":"https:\/\/farmaciadagostino.com.ar\/sitio\/wp-json\/wp\/v2\/comments?post=20102"}],"wp:featuredmedia":[{"embeddable":true,"href":"https:\/\/farmaciadagostino.com.ar\/sitio\/wp-json\/wp\/v2\/media\/20039"}],"wp:attachment":[{"href":"https:\/\/farmaciadagostino.com.ar\/sitio\/wp-json\/wp\/v2\/media?parent=20102"}],"wp:term":[{"taxonomy":"product_brand","embeddable":true,"href":"https:\/\/farmaciadagostino.com.ar\/sitio\/wp-json\/wp\/v2\/product_brand?post=20102"},{"taxonomy":"product_cat","embeddable":true,"href":"https:\/\/farmaciadagostino.com.ar\/sitio\/wp-json\/wp\/v2\/product_cat?post=20102"},{"taxonomy":"product_tag","embeddable":true,"href":"https:\/\/farmaciadagostino.com.ar\/sitio\/wp-json\/wp\/v2\/product_tag?post=20102"}],"curies":[{"name":"wp","href":"https:\/\/api.w.org\/{rel}","templated":true}]}}