{"id":20103,"date":"2024-07-04T08:48:12","date_gmt":"2024-07-04T11:48:12","guid":{"rendered":"https:\/\/farmaciadagostino.com.ar\/sitio\/?post_type=product&#038;p=20103"},"modified":"2026-03-09T10:26:05","modified_gmt":"2026-03-09T13:26:05","slug":"nivea-cr-facial-radiante-y-uniforme-x100ml","status":"publish","type":"product","link":"https:\/\/farmaciadagostino.com.ar\/sitio\/producto\/nivea-cr-facial-radiante-y-uniforme-x100ml\/","title":{"rendered":"NIVEA CR FACIAL RADIANTE Y UNIFORME X100ML"},"content":{"rendered":"<p>\u00abLa Crema facial hidratante 5 en 1 NIVEA Cuidado radiante y uniforme previene nuevas manchas y empareja el tono de la piel, dej\u00e1ndola suave y luminosa. Su f\u00f3rmula contiene Extracto de Perla, Vitamina C y FPS 15, ingredientes que ayudan a reducir y prevenir las manchas del rostro. Despu\u00e9s de dos semanas de uso regular, ofrece 24 horas de hidrataci\u00f3n profunda y duradera. La crema con un 82% de ingredientes de origen natural brinda nutrici\u00f3n intensa sin dejar sensaci\u00f3n grasosa. Es adecuada para todo tipo de pieles. NIVEA es la marca N\u00ba 1 en el cuidado de la piel en el Mundo y en Argentina, con m\u00e1s de 100 a\u00f1os de trayectoria. Desde que inventamos la primera crema, NIVEA Creme, desarrollamos investigaci\u00f3n constante para producir innovaciones que atiendan a cada necesidad de la piel de toda la familia. Nuestros investigadores se centran especialmente en la individualidad de la piel humana y en las diferentes necesidades de cuidado. Lo que ha dado como resultado que en las \u00faltimas d\u00e9cadas hayamos creado numerosos productos innovadores para el cuidado de la piel, desde desodorantes hasta productos de protecci\u00f3n solar\u00bb<\/p>\n","protected":false},"excerpt":{"rendered":"<p>Crema facial hidratante 5 en 1 Nivea Cuidado radiante y uniforme para todo tipo de piel 100 ml.<\/p>\n","protected":false},"featured_media":20026,"comment_status":"open","ping_status":"closed","template":"","meta":[],"product_brand":[],"product_cat":[237,162],"product_tag":[],"class_list":{"0":"post-20103","1":"product","2":"type-product","3":"status-publish","4":"has-post-thumbnail","6":"product_cat-belleza","7":"product_cat-dermocosmetica","9":"first","10":"instock","11":"shipping-taxable","12":"purchasable","13":"product-type-simple"},"_links":{"self":[{"href":"https:\/\/farmaciadagostino.com.ar\/sitio\/wp-json\/wp\/v2\/product\/20103","targetHints":{"allow":["GET"]}}],"collection":[{"href":"https:\/\/farmaciadagostino.com.ar\/sitio\/wp-json\/wp\/v2\/product"}],"about":[{"href":"https:\/\/farmaciadagostino.com.ar\/sitio\/wp-json\/wp\/v2\/types\/product"}],"replies":[{"embeddable":true,"href":"https:\/\/farmaciadagostino.com.ar\/sitio\/wp-json\/wp\/v2\/comments?post=20103"}],"wp:featuredmedia":[{"embeddable":true,"href":"https:\/\/farmaciadagostino.com.ar\/sitio\/wp-json\/wp\/v2\/media\/20026"}],"wp:attachment":[{"href":"https:\/\/farmaciadagostino.com.ar\/sitio\/wp-json\/wp\/v2\/media?parent=20103"}],"wp:term":[{"taxonomy":"product_brand","embeddable":true,"href":"https:\/\/farmaciadagostino.com.ar\/sitio\/wp-json\/wp\/v2\/product_brand?post=20103"},{"taxonomy":"product_cat","embeddable":true,"href":"https:\/\/farmaciadagostino.com.ar\/sitio\/wp-json\/wp\/v2\/product_cat?post=20103"},{"taxonomy":"product_tag","embeddable":true,"href":"https:\/\/farmaciadagostino.com.ar\/sitio\/wp-json\/wp\/v2\/product_tag?post=20103"}],"curies":[{"name":"wp","href":"https:\/\/api.w.org\/{rel}","templated":true}]}}