{"id":4843,"date":"2024-06-09T13:21:41","date_gmt":"2024-06-09T16:21:41","guid":{"rendered":"https:\/\/farmaciadagostino.com.ar\/sitio\/producto\/nivea-fresh-desodorante-agua-de-coco-x150-ml\/"},"modified":"2026-03-09T10:17:54","modified_gmt":"2026-03-09T13:17:54","slug":"nivea-fresh-desodorante-agua-de-coco-x150-ml","status":"publish","type":"product","link":"https:\/\/farmaciadagostino.com.ar\/sitio\/producto\/nivea-fresh-desodorante-agua-de-coco-x150-ml\/","title":{"rendered":"Nivea Desodorante Antitranspirante Femenino Fresh Spray Agua de Coco 150 ml"},"content":{"rendered":"<p>El Desodorante antitranspirante femenino Nivea Fresh en aerosol brinda una m\u00e1xima protecci\u00f3n durante 48 horas, dejando una sensaci\u00f3n de piel limpia y seca. Su innovadora f\u00f3rmula contiene Agua de Coco, un ingrediente que otorga una frescura duradera. Es adecuado para todo tipo de pieles.<\/p>\n<h5>Beneficios:<\/h5>\n<p>&#8211; 48 horas de protecci\u00f3n.<\/p>\n<p>&#8211; Frescura duradera.<\/p>\n<p>&#8211; Piel limpia y seca.<\/p>\n<p>&#8211; Cuidado intensivo.<\/p>\n<p>&#8211; Apto para todo tipo de piel.<\/p>\n<h5>Composici\u00f3n:<\/h5>\n<p>Butane, Isobutane, Propane, Cyclomethicone, Aluminum Chlorohydrate, Isopropyl Palmitate, Persea Gratissima Oil, Octyldodecanol, Disteardimonium Hectorite, Propylene Carbonate, Dimetricone, Dimethiconol, Citronellol, Alpha-Isomethyl Ionone, Benzyl Alcohol, d-Limonene, Linalool, Parfum.<\/p>\n<h5>Propiedades:<\/h5>\n<p>&#8211; Sin alcohol, sin conservantes, sin parabenos, sin sal.<\/p>\n<h5>Modo de uso:<\/h5>\n<p>&#8211; Agitar bien el envase antes de usar.<\/p>\n<p>&#8211; Aplicar NIVEA Fresh Desodorante femenino a 15 cm de distancia de las axilas de manera uniforme y pareja.<\/p>\n<p>&#8211; Dejar de secar antes de colocar la prenda de vestir.<\/p>\n","protected":false},"excerpt":{"rendered":"<p>El Desodorante antitranspirante femenino Nivea Fresh en aerosol brinda una m\u00e1xima protecci\u00f3n durante 48 horas, dejando una sensaci\u00f3n de piel limpia y seca<\/p>\n","protected":false},"featured_media":3048,"comment_status":"open","ping_status":"closed","template":"","meta":[],"product_brand":[],"product_cat":[152],"product_tag":[],"class_list":{"0":"post-4843","1":"product","2":"type-product","3":"status-publish","4":"has-post-thumbnail","6":"product_cat-cuidado-personal","8":"first","9":"instock","10":"shipping-taxable","11":"purchasable","12":"product-type-simple"},"_links":{"self":[{"href":"https:\/\/farmaciadagostino.com.ar\/sitio\/wp-json\/wp\/v2\/product\/4843","targetHints":{"allow":["GET"]}}],"collection":[{"href":"https:\/\/farmaciadagostino.com.ar\/sitio\/wp-json\/wp\/v2\/product"}],"about":[{"href":"https:\/\/farmaciadagostino.com.ar\/sitio\/wp-json\/wp\/v2\/types\/product"}],"replies":[{"embeddable":true,"href":"https:\/\/farmaciadagostino.com.ar\/sitio\/wp-json\/wp\/v2\/comments?post=4843"}],"wp:featuredmedia":[{"embeddable":true,"href":"https:\/\/farmaciadagostino.com.ar\/sitio\/wp-json\/wp\/v2\/media\/3048"}],"wp:attachment":[{"href":"https:\/\/farmaciadagostino.com.ar\/sitio\/wp-json\/wp\/v2\/media?parent=4843"}],"wp:term":[{"taxonomy":"product_brand","embeddable":true,"href":"https:\/\/farmaciadagostino.com.ar\/sitio\/wp-json\/wp\/v2\/product_brand?post=4843"},{"taxonomy":"product_cat","embeddable":true,"href":"https:\/\/farmaciadagostino.com.ar\/sitio\/wp-json\/wp\/v2\/product_cat?post=4843"},{"taxonomy":"product_tag","embeddable":true,"href":"https:\/\/farmaciadagostino.com.ar\/sitio\/wp-json\/wp\/v2\/product_tag?post=4843"}],"curies":[{"name":"wp","href":"https:\/\/api.w.org\/{rel}","templated":true}]}}