{"id":4856,"date":"2024-06-09T13:21:42","date_gmt":"2024-06-09T16:21:42","guid":{"rendered":"https:\/\/farmaciadagostino.com.ar\/sitio\/producto\/siempre-libre-toallas-femeninas-nocturnas-suave-con-alas-x16-un\/"},"modified":"2026-03-09T10:09:41","modified_gmt":"2026-03-09T13:09:41","slug":"siempre-libre-toallas-femeninas-nocturnas-suave-con-alas-x16-un","status":"publish","type":"product","link":"https:\/\/farmaciadagostino.com.ar\/sitio\/producto\/siempre-libre-toallas-femeninas-nocturnas-suave-con-alas-x16-un\/","title":{"rendered":"SIEMPRE LIBRE TOALLAS FEMENINAS NOCTURNAS SUAVE CON ALAS x16 un"},"content":{"rendered":"<p>Cuida la salud de tu zona \u00edntima manteniendo el pH natural, previniendo la proliferaci\u00f3n de bacterias y brindandote una sensaci\u00f3n fresca. Tecnolog\u00eda de canales exclusivos para una r\u00e1pida absorci\u00f3n haciendote sentir seca y fresca.<br \/>\nBeneficios.<br \/>\nHipoalerg\u00e9nico.<br \/>\nAbsorci\u00f3n Inmediata.<br \/>\nTecnolog\u00eda Antibacterial.<br \/>\nExtra Protecci\u00f3n 6X.<br \/>\nHasta 10h de protecci\u00f3n.<br \/>\nCanales exclusivos antiderrames.<br \/>\nModo Uso.<br \/>\n1\u00b0 Desprende el papel del centro de la toalla y de las alas, si las tiene.<br \/>\n2\u00b0 Adhiere la toalla al centro de tu ropa \u00edntima, y si tiene alas, aj\u00fastalas por debajo de la misma.<\/p>\n","protected":false},"excerpt":{"rendered":"<p>Ultra suave: hecho con 70% de materiales de origen natural y sin colorantes. Extra protecci\u00f3n: 5cm m\u00e1s larga. Ideal para la noche y flujos intensos por su capacidad de absorci\u00f3n y de gel superabsorbente.<\/p>\n","protected":false},"featured_media":3208,"comment_status":"open","ping_status":"closed","template":"","meta":[],"product_brand":[],"product_cat":[152],"product_tag":[],"class_list":{"0":"post-4856","1":"product","2":"type-product","3":"status-publish","4":"has-post-thumbnail","6":"product_cat-cuidado-personal","8":"first","9":"instock","10":"shipping-taxable","11":"purchasable","12":"product-type-simple"},"_links":{"self":[{"href":"https:\/\/farmaciadagostino.com.ar\/sitio\/wp-json\/wp\/v2\/product\/4856","targetHints":{"allow":["GET"]}}],"collection":[{"href":"https:\/\/farmaciadagostino.com.ar\/sitio\/wp-json\/wp\/v2\/product"}],"about":[{"href":"https:\/\/farmaciadagostino.com.ar\/sitio\/wp-json\/wp\/v2\/types\/product"}],"replies":[{"embeddable":true,"href":"https:\/\/farmaciadagostino.com.ar\/sitio\/wp-json\/wp\/v2\/comments?post=4856"}],"wp:featuredmedia":[{"embeddable":true,"href":"https:\/\/farmaciadagostino.com.ar\/sitio\/wp-json\/wp\/v2\/media\/3208"}],"wp:attachment":[{"href":"https:\/\/farmaciadagostino.com.ar\/sitio\/wp-json\/wp\/v2\/media?parent=4856"}],"wp:term":[{"taxonomy":"product_brand","embeddable":true,"href":"https:\/\/farmaciadagostino.com.ar\/sitio\/wp-json\/wp\/v2\/product_brand?post=4856"},{"taxonomy":"product_cat","embeddable":true,"href":"https:\/\/farmaciadagostino.com.ar\/sitio\/wp-json\/wp\/v2\/product_cat?post=4856"},{"taxonomy":"product_tag","embeddable":true,"href":"https:\/\/farmaciadagostino.com.ar\/sitio\/wp-json\/wp\/v2\/product_tag?post=4856"}],"curies":[{"name":"wp","href":"https:\/\/api.w.org\/{rel}","templated":true}]}}