{"id":4858,"date":"2024-06-09T13:21:42","date_gmt":"2024-06-09T16:21:42","guid":{"rendered":"https:\/\/farmaciadagostino.com.ar\/sitio\/producto\/bagovit-facial-serum-colageno-puro-x30-ml\/"},"modified":"2026-03-09T10:25:07","modified_gmt":"2026-03-09T13:25:07","slug":"bagovit-facial-serum-colageno-puro-x30-ml","status":"publish","type":"product","link":"https:\/\/farmaciadagostino.com.ar\/sitio\/producto\/bagovit-facial-serum-colageno-puro-x30-ml\/","title":{"rendered":"Bagovit Serum Col\u00e1geno Puro"},"content":{"rendered":"<p>Este producto es ideal para aumentar el nivel de col\u00e1geno en 76% para una piel m\u00e1s firme y rejuvenecida. Su textura ligera y de r\u00e1pida absorci\u00f3n la hacen un aliado eficaz cada d\u00eda. Adem\u00e1s est\u00e1 testeado dermatol\u00f3gicamente y sin parabenos.<br \/>\nEFECTOS Y BENEFICIOS:<br \/>\n-Hipoalerg\u00e9nico.<br \/>\n-Sin Parabenos.<br \/>\n-Aumenta el nivel del col\u00e1geno un 76%.<br \/>\n-Brinda firmeza, hidrataci\u00f3n y luminosidad.<br \/>\n-Testeado dermatol\u00f3gicamente.<br \/>\n-Textura ligera y de r\u00e1pida absorci\u00f3n.<br \/>\nCONSEJO DE APLICACI\u00d3N:<br \/>\n-Luego de una adecuada limpieza aplicar 2-3 gotas en rostro y cuello, presionar suavemente.<br \/>\n-Se recomienda utilizar el S\u00e9rum cada ma\u00f1ana y noche antes de la crema antiedad o crema hidratante.<\/p>\n","protected":false},"excerpt":{"rendered":"<p>Controla las arrugas en el rostro, ayuda a aumentar el 76% de col\u00e1geno. Brinda firmeza, hidrataci\u00f3n y luminosidad.<\/p>\n","protected":false},"featured_media":3314,"comment_status":"open","ping_status":"closed","template":"","meta":[],"product_brand":[],"product_cat":[237,162],"product_tag":[],"class_list":{"0":"post-4858","1":"product","2":"type-product","3":"status-publish","4":"has-post-thumbnail","6":"product_cat-belleza","7":"product_cat-dermocosmetica","9":"first","10":"instock","11":"shipping-taxable","12":"purchasable","13":"product-type-simple"},"_links":{"self":[{"href":"https:\/\/farmaciadagostino.com.ar\/sitio\/wp-json\/wp\/v2\/product\/4858","targetHints":{"allow":["GET"]}}],"collection":[{"href":"https:\/\/farmaciadagostino.com.ar\/sitio\/wp-json\/wp\/v2\/product"}],"about":[{"href":"https:\/\/farmaciadagostino.com.ar\/sitio\/wp-json\/wp\/v2\/types\/product"}],"replies":[{"embeddable":true,"href":"https:\/\/farmaciadagostino.com.ar\/sitio\/wp-json\/wp\/v2\/comments?post=4858"}],"wp:featuredmedia":[{"embeddable":true,"href":"https:\/\/farmaciadagostino.com.ar\/sitio\/wp-json\/wp\/v2\/media\/3314"}],"wp:attachment":[{"href":"https:\/\/farmaciadagostino.com.ar\/sitio\/wp-json\/wp\/v2\/media?parent=4858"}],"wp:term":[{"taxonomy":"product_brand","embeddable":true,"href":"https:\/\/farmaciadagostino.com.ar\/sitio\/wp-json\/wp\/v2\/product_brand?post=4858"},{"taxonomy":"product_cat","embeddable":true,"href":"https:\/\/farmaciadagostino.com.ar\/sitio\/wp-json\/wp\/v2\/product_cat?post=4858"},{"taxonomy":"product_tag","embeddable":true,"href":"https:\/\/farmaciadagostino.com.ar\/sitio\/wp-json\/wp\/v2\/product_tag?post=4858"}],"curies":[{"name":"wp","href":"https:\/\/api.w.org\/{rel}","templated":true}]}}