{"id":4862,"date":"2024-06-09T13:21:43","date_gmt":"2024-06-09T16:21:43","guid":{"rendered":"https:\/\/farmaciadagostino.com.ar\/sitio\/producto\/isdin-isdinceutics-retinal-intense-serum-x50-ml\/"},"modified":"2026-03-09T10:09:41","modified_gmt":"2026-03-09T13:09:41","slug":"isdin-isdinceutics-retinal-intense-serum-x50-ml","status":"publish","type":"product","link":"https:\/\/farmaciadagostino.com.ar\/sitio\/producto\/isdin-isdinceutics-retinal-intense-serum-x50-ml\/","title":{"rendered":"Serum de Noche Isdinceutics Retinal Intense 50 ml"},"content":{"rendered":"<p>Luc\u00ed una piel visiblemente m\u00e1s joven con Retinal Intense, el s\u00e9rum bif\u00e1sico de noche con retinaldeh\u00eddo que ayuda a acelerar la renovaci\u00f3n cut\u00e1nea. Tras 1 mes de uso, reduce las arrugas y l\u00edneas de expresi\u00f3n en un 43%para una piel m\u00e1s lisa y uniforme y con un aspecto rejuvenecido.<\/p>\n<p>BENEFICIOS<\/p>\n<p>Renueva con retinaldeh\u00eddo, bakuchiol y Vit-A-Tech, ayuda a renovar de forma suave la superficie cut\u00e1nea y a reducir visiblemente arrugas y l\u00edneas de expresi\u00f3n.<\/p>\n<p>Repara con la melatonina, un antioxidante que ayuda a reparar la piel del da\u00f1o acumulado durante el d\u00eda.<\/p>\n<p>Calma con niacinamida, hidrata y minimiza la sequedad asociada a los retinoides, ayudando a aliviar la piel para una mayor tolerancia.<\/p>\n<p>MODO DE USO<\/p>\n<p>    Dosifica 2 pulsaciones de producto y mezcla hasta obtener un color homog\u00e9neo.<br \/>\n    Aplica una fina capa sobre el rostro limpio y seco evitando el contorno de ojos y mucosas.<br \/>\n    A la ma\u00f1ana siguiente, protege tu piel de la radiaci\u00f3n solar y la luz visible con un fotoprotector<\/p>\n<p>Acelera la renovaci\u00f3n cut\u00e1nea durante la noche<\/p>\n<p>Aplic\u00e1 Retinal Intense en tu rutina de noche. Si es la primera vez que usas un retinoide, te recomendamos un periodo de retinizaci\u00f3n: la primera semana, aplica tres noches por semana; la segunda, una noche s\u00ed, una noche no; y a partir de la tercera, si no aparece irritaci\u00f3n, puedes aumentar el n\u00famero de aplicaciones.<\/p>\n<p>Es posible que durante las primeras aplicaciones provoque picor, enrojecimiento e incluso descamaci\u00f3n, ya que tu piel tiene un periodo de adaptaci\u00f3n.<\/p>\n<p>INGREDIENTES<\/p>\n<p>    Retinaldeh\u00eddo<\/p>\n<p>Ingrediente muy reconocido por su poder antiedad. Mejora significativamente las arrugas minimizando el impacto sobre la piel.<\/p>\n<p>    Bakuchiol<\/p>\n<p>Ingrediente retinol-like de origen natural que ayuda a restaurar la elasticidad y firmeza de la piel.<\/p>\n<p>    Vit-A-Tech<\/p>\n<p>Complejo retinol-like que ayuda a estimular la renovaci\u00f3n celular de la epidermis, reduciendo visiblemente las arrugas.<\/p>\n<p>    Melatonina<\/p>\n<p>Act\u00faa durante la noche como un poderoso agente antioxidante indirecto.<\/p>\n<p>    Niacinamida<\/p>\n<p>Mejora la hidrataci\u00f3n de la piel y ayuda a aliviar el enrojecimiento.<\/p>\n","protected":false},"excerpt":{"rendered":"<p>Luc\u00ed una piel visiblemente m\u00e1s joven con Retinal Intense, el s\u00e9rum bif\u00e1sico de noche con retinaldeh\u00eddo que ayuda a acelerar la renovaci\u00f3n cut\u00e1nea<\/p>\n","protected":false},"featured_media":4573,"comment_status":"open","ping_status":"closed","template":"","meta":[],"product_brand":[],"product_cat":[237,162],"product_tag":[],"class_list":{"0":"post-4862","1":"product","2":"type-product","3":"status-publish","4":"has-post-thumbnail","6":"product_cat-belleza","7":"product_cat-dermocosmetica","9":"first","10":"instock","11":"shipping-taxable","12":"purchasable","13":"product-type-simple"},"_links":{"self":[{"href":"https:\/\/farmaciadagostino.com.ar\/sitio\/wp-json\/wp\/v2\/product\/4862","targetHints":{"allow":["GET"]}}],"collection":[{"href":"https:\/\/farmaciadagostino.com.ar\/sitio\/wp-json\/wp\/v2\/product"}],"about":[{"href":"https:\/\/farmaciadagostino.com.ar\/sitio\/wp-json\/wp\/v2\/types\/product"}],"replies":[{"embeddable":true,"href":"https:\/\/farmaciadagostino.com.ar\/sitio\/wp-json\/wp\/v2\/comments?post=4862"}],"wp:featuredmedia":[{"embeddable":true,"href":"https:\/\/farmaciadagostino.com.ar\/sitio\/wp-json\/wp\/v2\/media\/4573"}],"wp:attachment":[{"href":"https:\/\/farmaciadagostino.com.ar\/sitio\/wp-json\/wp\/v2\/media?parent=4862"}],"wp:term":[{"taxonomy":"product_brand","embeddable":true,"href":"https:\/\/farmaciadagostino.com.ar\/sitio\/wp-json\/wp\/v2\/product_brand?post=4862"},{"taxonomy":"product_cat","embeddable":true,"href":"https:\/\/farmaciadagostino.com.ar\/sitio\/wp-json\/wp\/v2\/product_cat?post=4862"},{"taxonomy":"product_tag","embeddable":true,"href":"https:\/\/farmaciadagostino.com.ar\/sitio\/wp-json\/wp\/v2\/product_tag?post=4862"}],"curies":[{"name":"wp","href":"https:\/\/api.w.org\/{rel}","templated":true}]}}