{"id":4885,"date":"2024-06-09T13:21:48","date_gmt":"2024-06-09T16:21:48","guid":{"rendered":"https:\/\/farmaciadagostino.com.ar\/sitio\/producto\/tresemme-acondicionador-matizador-ultravioleta-x500-ml\/"},"modified":"2026-03-09T10:25:07","modified_gmt":"2026-03-09T13:25:07","slug":"tresemme-acondicionador-matizador-ultravioleta-x500-ml","status":"publish","type":"product","link":"https:\/\/farmaciadagostino.com.ar\/sitio\/producto\/tresemme-acondicionador-matizador-ultravioleta-x500-ml\/","title":{"rendered":"Tresemme Acondicionador Matizador Ultravioleta 500 ml"},"content":{"rendered":"<p>Los matizantes de pelo, popularmente conocidos como correctores o matizadores de color, se emplean para hacer desaparecer esos tonos indeseados que aparecen en tu cabello d\u00edas (o semanas) despu\u00e9s de la aplicaci\u00f3n del tinte.<br \/>\nCorrige los matices anaranjados y amarillos.<\/p>\n","protected":false},"excerpt":{"rendered":"<p>Los matizantes de pelo, popularmente conocidos como correctores o matizadores de color, se emplean para hacer desaparecer esos tonos indeseados que aparecen en tu cabello d\u00edas (o semanas) despu\u00e9s de la aplicaci\u00f3n del tinte<\/p>\n","protected":false},"featured_media":3456,"comment_status":"open","ping_status":"closed","template":"","meta":[],"product_brand":[],"product_cat":[237,152],"product_tag":[],"class_list":{"0":"post-4885","1":"product","2":"type-product","3":"status-publish","4":"has-post-thumbnail","6":"product_cat-belleza","7":"product_cat-cuidado-personal","9":"first","10":"instock","11":"shipping-taxable","12":"purchasable","13":"product-type-simple"},"_links":{"self":[{"href":"https:\/\/farmaciadagostino.com.ar\/sitio\/wp-json\/wp\/v2\/product\/4885","targetHints":{"allow":["GET"]}}],"collection":[{"href":"https:\/\/farmaciadagostino.com.ar\/sitio\/wp-json\/wp\/v2\/product"}],"about":[{"href":"https:\/\/farmaciadagostino.com.ar\/sitio\/wp-json\/wp\/v2\/types\/product"}],"replies":[{"embeddable":true,"href":"https:\/\/farmaciadagostino.com.ar\/sitio\/wp-json\/wp\/v2\/comments?post=4885"}],"wp:featuredmedia":[{"embeddable":true,"href":"https:\/\/farmaciadagostino.com.ar\/sitio\/wp-json\/wp\/v2\/media\/3456"}],"wp:attachment":[{"href":"https:\/\/farmaciadagostino.com.ar\/sitio\/wp-json\/wp\/v2\/media?parent=4885"}],"wp:term":[{"taxonomy":"product_brand","embeddable":true,"href":"https:\/\/farmaciadagostino.com.ar\/sitio\/wp-json\/wp\/v2\/product_brand?post=4885"},{"taxonomy":"product_cat","embeddable":true,"href":"https:\/\/farmaciadagostino.com.ar\/sitio\/wp-json\/wp\/v2\/product_cat?post=4885"},{"taxonomy":"product_tag","embeddable":true,"href":"https:\/\/farmaciadagostino.com.ar\/sitio\/wp-json\/wp\/v2\/product_tag?post=4885"}],"curies":[{"name":"wp","href":"https:\/\/api.w.org\/{rel}","templated":true}]}}