{"id":4891,"date":"2024-06-09T13:21:50","date_gmt":"2024-06-09T16:21:50","guid":{"rendered":"https:\/\/farmaciadagostino.com.ar\/sitio\/producto\/cher-perfume-de-mujer-dieciocho-elixir-x100-ml\/"},"modified":"2026-03-09T10:09:42","modified_gmt":"2026-03-09T13:09:42","slug":"cher-perfume-de-mujer-dieciocho-elixir-x100-ml","status":"publish","type":"product","link":"https:\/\/farmaciadagostino.com.ar\/sitio\/producto\/cher-perfume-de-mujer-dieciocho-elixir-x100-ml\/","title":{"rendered":"CHER PERFUME DE MUJER DIECIOCHO ELIXIR x100 ml"},"content":{"rendered":"<p>Es una fragancia incre\u00edblemente audaz y sin concesiones, una fuente de atracci\u00f3n irresistible. Es imposible resistirse.<br \/>\nIntensamente embriagadora. Extremadamente sensual. Infinitamente exquisita.<br \/>\nComposicion de la fragancia:<br \/>\nFamilia olfativa: Floral Ambarada Gourmand<br \/>\nNotas de Salida: (Faceta Rom\u00e1ntica) Bergamota italiana, Flor de Naranjo, jengibre.<br \/>\nNotas de Coraz\u00f3n: (Faceta Apasionada) Genet Aurea, miel , Hedione.<br \/>\nNotas de Fondo: (Faceta Sensual) cashmeran, balsamo de benjui, Ambroxan, Caramelo.<\/p>\n","protected":false},"excerpt":{"rendered":"<p>Un nuevo capitulo comienza, un concentrado m\u00e1s ex\u00f3tico y fascinante, que atrapar\u00e1 el coraz\u00f3n de quien lo sienta.<\/p>\n","protected":false},"featured_media":4340,"comment_status":"open","ping_status":"closed","template":"","meta":[],"product_brand":[],"product_cat":[237],"product_tag":[],"class_list":{"0":"post-4891","1":"product","2":"type-product","3":"status-publish","4":"has-post-thumbnail","6":"product_cat-belleza","8":"first","9":"instock","10":"shipping-taxable","11":"purchasable","12":"product-type-simple"},"_links":{"self":[{"href":"https:\/\/farmaciadagostino.com.ar\/sitio\/wp-json\/wp\/v2\/product\/4891","targetHints":{"allow":["GET"]}}],"collection":[{"href":"https:\/\/farmaciadagostino.com.ar\/sitio\/wp-json\/wp\/v2\/product"}],"about":[{"href":"https:\/\/farmaciadagostino.com.ar\/sitio\/wp-json\/wp\/v2\/types\/product"}],"replies":[{"embeddable":true,"href":"https:\/\/farmaciadagostino.com.ar\/sitio\/wp-json\/wp\/v2\/comments?post=4891"}],"wp:featuredmedia":[{"embeddable":true,"href":"https:\/\/farmaciadagostino.com.ar\/sitio\/wp-json\/wp\/v2\/media\/4340"}],"wp:attachment":[{"href":"https:\/\/farmaciadagostino.com.ar\/sitio\/wp-json\/wp\/v2\/media?parent=4891"}],"wp:term":[{"taxonomy":"product_brand","embeddable":true,"href":"https:\/\/farmaciadagostino.com.ar\/sitio\/wp-json\/wp\/v2\/product_brand?post=4891"},{"taxonomy":"product_cat","embeddable":true,"href":"https:\/\/farmaciadagostino.com.ar\/sitio\/wp-json\/wp\/v2\/product_cat?post=4891"},{"taxonomy":"product_tag","embeddable":true,"href":"https:\/\/farmaciadagostino.com.ar\/sitio\/wp-json\/wp\/v2\/product_tag?post=4891"}],"curies":[{"name":"wp","href":"https:\/\/api.w.org\/{rel}","templated":true}]}}