{"id":4902,"date":"2024-06-09T13:21:52","date_gmt":"2024-06-09T16:21:52","guid":{"rendered":"https:\/\/farmaciadagostino.com.ar\/sitio\/producto\/goicoechea-crema-corporal-arnica-con-varisen-x400-ml\/"},"modified":"2026-03-09T10:25:07","modified_gmt":"2026-03-09T13:25:07","slug":"goicoechea-crema-corporal-arnica-con-varisen-x400-ml","status":"publish","type":"product","link":"https:\/\/farmaciadagostino.com.ar\/sitio\/producto\/goicoechea-crema-corporal-arnica-con-varisen-x400-ml\/","title":{"rendered":"Goicoechea Crema Corporal Arnica 400 ml"},"content":{"rendered":"<p>Goicoechea \u00c1rnica es una crema que ayuda a la piel de las piernas a mantener su suavidad y humectaci\u00f3n.<\/p>\n<h5>Beneficios:<\/h5>\n<p>&#8211; ACCI\u00d3N: mejora el aspecto de la piel incluso en zonas con v\u00e1rices.<\/p>\n<p>&#8211; ALIVIO: Su f\u00f3rmula con mentol brinda una sensaci\u00f3n de alivio a las piernas cansadas y pesadas.<\/p>\n<p>&#8211; F\u00d3RMULA: Su f\u00f3rmula contiene dos extractos de origen natural con las siguientes propiedades: casta\u00f1o de indias que ayuda a aliviar la sensaci\u00f3n de pesadez de las piernas y centella asi\u00e1tica que brinda una sensaci\u00f3n de alivio y relajaci\u00f3n a las piernas.<\/p>\n<p>&#8211; RESULTADO: La piel queda m\u00e1s lisa y mejora visiblemente a\u00fan en zonas con v\u00e1rices. Las piernas quedan relajadas y descansadas.<\/p>\n<h5>Modo de uso:<\/h5>\n<p>Masajear suavemente las piernas y pies con movimientos ascendentes hasta que absorba completamente.<\/p>\n<h5>Presentaci\u00f3n:<\/h5>\n<p>400 ml.<\/p>\n","protected":false},"excerpt":{"rendered":"<p>Goicoechea \u00c1rnica es una crema que ayuda a la piel de las piernas a mantener su suavidad y humectaci\u00f3n<\/p>\n","protected":false},"featured_media":4128,"comment_status":"open","ping_status":"closed","template":"","meta":[],"product_brand":[],"product_cat":[237,162],"product_tag":[],"class_list":{"0":"post-4902","1":"product","2":"type-product","3":"status-publish","4":"has-post-thumbnail","6":"product_cat-belleza","7":"product_cat-dermocosmetica","9":"first","10":"instock","11":"shipping-taxable","12":"purchasable","13":"product-type-simple"},"_links":{"self":[{"href":"https:\/\/farmaciadagostino.com.ar\/sitio\/wp-json\/wp\/v2\/product\/4902","targetHints":{"allow":["GET"]}}],"collection":[{"href":"https:\/\/farmaciadagostino.com.ar\/sitio\/wp-json\/wp\/v2\/product"}],"about":[{"href":"https:\/\/farmaciadagostino.com.ar\/sitio\/wp-json\/wp\/v2\/types\/product"}],"replies":[{"embeddable":true,"href":"https:\/\/farmaciadagostino.com.ar\/sitio\/wp-json\/wp\/v2\/comments?post=4902"}],"wp:featuredmedia":[{"embeddable":true,"href":"https:\/\/farmaciadagostino.com.ar\/sitio\/wp-json\/wp\/v2\/media\/4128"}],"wp:attachment":[{"href":"https:\/\/farmaciadagostino.com.ar\/sitio\/wp-json\/wp\/v2\/media?parent=4902"}],"wp:term":[{"taxonomy":"product_brand","embeddable":true,"href":"https:\/\/farmaciadagostino.com.ar\/sitio\/wp-json\/wp\/v2\/product_brand?post=4902"},{"taxonomy":"product_cat","embeddable":true,"href":"https:\/\/farmaciadagostino.com.ar\/sitio\/wp-json\/wp\/v2\/product_cat?post=4902"},{"taxonomy":"product_tag","embeddable":true,"href":"https:\/\/farmaciadagostino.com.ar\/sitio\/wp-json\/wp\/v2\/product_tag?post=4902"}],"curies":[{"name":"wp","href":"https:\/\/api.w.org\/{rel}","templated":true}]}}