{"id":4908,"date":"2024-06-09T13:21:53","date_gmt":"2024-06-09T16:21:53","guid":{"rendered":"https:\/\/farmaciadagostino.com.ar\/sitio\/producto\/valcatil-shampoo-reparador-pomo-x300-ml\/"},"modified":"2026-03-09T10:17:55","modified_gmt":"2026-03-09T13:17:55","slug":"valcatil-shampoo-reparador-pomo-x300-ml","status":"publish","type":"product","link":"https:\/\/farmaciadagostino.com.ar\/sitio\/producto\/valcatil-shampoo-reparador-pomo-x300-ml\/","title":{"rendered":"Valcatil Reparaci\u00f3n Protecci\u00f3n Capilar Shampoo x 300 ml"},"content":{"rendered":"<p>Existen varios factores que provocan el debilitamiento del cabello, fragilidad, p\u00e9rdida de brillo y elasticidad, problemas de crecimiento y su posterior ca\u00edda. VALCATIL\u00ae Shampoo ha sido especialmente formulado para proteger y reparar las c\u00e9lulas del<br \/>\nfol\u00edculo piloso y el cabello en general, afectados por los radicales libres, como as\u00ed tambi\u00e9n por factores externos e internos, mediante la acci\u00f3n del complejo antioxidante formado por las Vitaminas C + E contenidas en las microesferas.<br \/>\nEste innovador sistema permite que el complejo antioxidante se libere al romperse las microesferas por frotaci\u00f3n contra el cuero cabelludo, facilitando su penetraci\u00f3n en el bulbo piloso.<br \/>\nTambi\u00e9n se incorporan los amino\u00e1cidos estructurales, derivados de la gelatina y la queratina, que adem\u00e1s de nutrir el bulbo piloso se adhieren al tallo reparando las imperfecciones, logrando un cabello d\u00f3cil, suave, sano y brillante.<\/p>\n<p>MODO DE USO<br \/>\nAplicar VALCATIL\u00ae Shampoo sobre el cuero cabelludo, previamente humedecido y frotarlo suavemente durante 3 minutos. Enjuagar con agua tibia. Repetir la aplicaci\u00f3n y el posterior masaje durante 3 minutos. Enjuagar finalmente con abundante agua.<\/p>\n<p>INGREDIENTES<br \/>\nVitaminas C y E en microesferas.<\/p>\n<p>PRESENTACIONES DISPONIBLES<br \/>\nVALCATIL\u00ae Shampoo Pomo x 150 ml<br \/>\nVALCATIL\u00ae Shampoo Pomo x 300 ml<\/p>\n","protected":false},"excerpt":{"rendered":"<p>Existen varios factores que provocan el debilitamiento del cabello, fragilidad, p\u00e9rdida de brillo y elasticidad, problemas de crecimiento y su posterior ca\u00edda<\/p>\n","protected":false},"featured_media":3967,"comment_status":"open","ping_status":"closed","template":"","meta":[],"product_brand":[],"product_cat":[237],"product_tag":[],"class_list":{"0":"post-4908","1":"product","2":"type-product","3":"status-publish","4":"has-post-thumbnail","6":"product_cat-belleza","8":"first","9":"instock","10":"shipping-taxable","11":"purchasable","12":"product-type-simple"},"_links":{"self":[{"href":"https:\/\/farmaciadagostino.com.ar\/sitio\/wp-json\/wp\/v2\/product\/4908","targetHints":{"allow":["GET"]}}],"collection":[{"href":"https:\/\/farmaciadagostino.com.ar\/sitio\/wp-json\/wp\/v2\/product"}],"about":[{"href":"https:\/\/farmaciadagostino.com.ar\/sitio\/wp-json\/wp\/v2\/types\/product"}],"replies":[{"embeddable":true,"href":"https:\/\/farmaciadagostino.com.ar\/sitio\/wp-json\/wp\/v2\/comments?post=4908"}],"wp:featuredmedia":[{"embeddable":true,"href":"https:\/\/farmaciadagostino.com.ar\/sitio\/wp-json\/wp\/v2\/media\/3967"}],"wp:attachment":[{"href":"https:\/\/farmaciadagostino.com.ar\/sitio\/wp-json\/wp\/v2\/media?parent=4908"}],"wp:term":[{"taxonomy":"product_brand","embeddable":true,"href":"https:\/\/farmaciadagostino.com.ar\/sitio\/wp-json\/wp\/v2\/product_brand?post=4908"},{"taxonomy":"product_cat","embeddable":true,"href":"https:\/\/farmaciadagostino.com.ar\/sitio\/wp-json\/wp\/v2\/product_cat?post=4908"},{"taxonomy":"product_tag","embeddable":true,"href":"https:\/\/farmaciadagostino.com.ar\/sitio\/wp-json\/wp\/v2\/product_tag?post=4908"}],"curies":[{"name":"wp","href":"https:\/\/api.w.org\/{rel}","templated":true}]}}