{"id":5058,"date":"2024-06-09T13:22:12","date_gmt":"2024-06-09T16:22:12","guid":{"rendered":"https:\/\/farmaciadagostino.com.ar\/sitio\/producto\/nivea-body-reafirmante-q10-plus-collagen-x250-ml\/"},"modified":"2026-03-09T10:09:43","modified_gmt":"2026-03-09T13:09:43","slug":"nivea-body-reafirmante-q10-plus-collagen-x250-ml","status":"publish","type":"product","link":"https:\/\/farmaciadagostino.com.ar\/sitio\/producto\/nivea-body-reafirmante-q10-plus-collagen-x250-ml\/","title":{"rendered":"NIVEA BODY REAFIRMANTE Q10 PLUS COLLAGEN x250 ml"},"content":{"rendered":"<p>Beneficios.<br \/>\n48 horas de humectaci\u00f3n profunda.<br \/>\nPoderosos antioxidantes: Vit C + Q10.<br \/>\nR\u00e1pida absorci\u00f3n.<br \/>\nPiel visiblemente m\u00e1s firme, el\u00e1stica y radiante.<br \/>\nApta para todo tipo de piel.<br \/>\nModo Uso.<br \/>\n1\u00b0 Aplicar NIVEA Crema corporal reafirmante Q10 + Col\u00e1geno 6 en 1 diariamente en todo el cuerpo.<br \/>\n2\u00b0 Masajear suavemente el cuerpo mientras se absorbe.<br \/>\n3\u00b0 Reaplicar las veces que sea necesario.<\/p>\n","protected":false},"excerpt":{"rendered":"<p>La Crema corporal NIVEA Q10 + Col\u00e1geno ofrece 6 beneficios en 1: 48 horas de humectaci\u00f3n profunda, poderosos antioxidantes: Vit C + Q10, r\u00e1pida absorci\u00f3n, f\u00e1cil aplicaci\u00f3n, piel visiblemente m\u00e1s firme, el\u00e1stica y radiante. Su f\u00f3rmula combina Coenzima Q10, Col\u00e1geno y Vitamina C, tres ingredientes que hidratan profundamente la piel y la suavizan. Su textura ligera es ideal para todo tipo de piel.<\/p>\n","protected":false},"featured_media":3005,"comment_status":"open","ping_status":"closed","template":"","meta":[],"product_brand":[],"product_cat":[237,162],"product_tag":[],"class_list":{"0":"post-5058","1":"product","2":"type-product","3":"status-publish","4":"has-post-thumbnail","6":"product_cat-belleza","7":"product_cat-dermocosmetica","9":"first","10":"instock","11":"shipping-taxable","12":"purchasable","13":"product-type-simple"},"_links":{"self":[{"href":"https:\/\/farmaciadagostino.com.ar\/sitio\/wp-json\/wp\/v2\/product\/5058","targetHints":{"allow":["GET"]}}],"collection":[{"href":"https:\/\/farmaciadagostino.com.ar\/sitio\/wp-json\/wp\/v2\/product"}],"about":[{"href":"https:\/\/farmaciadagostino.com.ar\/sitio\/wp-json\/wp\/v2\/types\/product"}],"replies":[{"embeddable":true,"href":"https:\/\/farmaciadagostino.com.ar\/sitio\/wp-json\/wp\/v2\/comments?post=5058"}],"wp:featuredmedia":[{"embeddable":true,"href":"https:\/\/farmaciadagostino.com.ar\/sitio\/wp-json\/wp\/v2\/media\/3005"}],"wp:attachment":[{"href":"https:\/\/farmaciadagostino.com.ar\/sitio\/wp-json\/wp\/v2\/media?parent=5058"}],"wp:term":[{"taxonomy":"product_brand","embeddable":true,"href":"https:\/\/farmaciadagostino.com.ar\/sitio\/wp-json\/wp\/v2\/product_brand?post=5058"},{"taxonomy":"product_cat","embeddable":true,"href":"https:\/\/farmaciadagostino.com.ar\/sitio\/wp-json\/wp\/v2\/product_cat?post=5058"},{"taxonomy":"product_tag","embeddable":true,"href":"https:\/\/farmaciadagostino.com.ar\/sitio\/wp-json\/wp\/v2\/product_tag?post=5058"}],"curies":[{"name":"wp","href":"https:\/\/api.w.org\/{rel}","templated":true}]}}