{"id":5060,"date":"2024-06-09T13:22:13","date_gmt":"2024-06-09T16:22:13","guid":{"rendered":"https:\/\/farmaciadagostino.com.ar\/sitio\/producto\/rexona-antitranspirante-women-futbol-fanatic-x150-ml\/"},"modified":"2026-03-09T10:25:08","modified_gmt":"2026-03-09T13:25:08","slug":"rexona-antitranspirante-women-futbol-fanatic-x150-ml","status":"publish","type":"product","link":"https:\/\/farmaciadagostino.com.ar\/sitio\/producto\/rexona-antitranspirante-women-futbol-fanatic-x150-ml\/","title":{"rendered":"REXONA ANTITRANSPIRANTE WOMEN FUTBOL FANATIC x150 ml"},"content":{"rendered":"<p>Nuevo desodorante antitranspirante REXONA Mujer F\u00fatbol Fan\u00e1ticas en aerosol con 72 horas de protecci\u00f3n activada por el movimiento.<br \/>\nSu nueva f\u00f3rmula entrega un nivel de protecci\u00f3n contra la transpiraci\u00f3n y mal olor dado que combina un innovador activo antitranspirante con la exclusiva tecnolog\u00eda de fragancia encapsulada.<br \/>\nUltra seco y fresco en cada movimiento con los antitranspirantes Rexona.<br \/>\nAntitranspirante Rexona 0% de alcohol et\u00edlico y dermatol\u00f3gicamente testeado.<br \/>\nAntitranspirante Rexona con notas de fragancia femeninas que dan la sensaci\u00f3n de bienestar y limpieza, combniando un blend de notas c\u00edtricas y florales.<\/p>\n","protected":false},"excerpt":{"rendered":"<p>\u00a1Con la nueva edici\u00f3n limitada Rexona F\u00fatbol Fan\u00e1ticas, transpir\u00e1 s\u00f3lo f\u00fatbol en esta Copa Libertadores! La pasi\u00f3n por el f\u00fatbol no lo podes controlar, tu transpiraci\u00f3n si!<\/p>\n","protected":false},"featured_media":3443,"comment_status":"open","ping_status":"closed","template":"","meta":[],"product_brand":[],"product_cat":[152],"product_tag":[],"class_list":{"0":"post-5060","1":"product","2":"type-product","3":"status-publish","4":"has-post-thumbnail","6":"product_cat-cuidado-personal","8":"first","9":"instock","10":"shipping-taxable","11":"purchasable","12":"product-type-simple"},"_links":{"self":[{"href":"https:\/\/farmaciadagostino.com.ar\/sitio\/wp-json\/wp\/v2\/product\/5060","targetHints":{"allow":["GET"]}}],"collection":[{"href":"https:\/\/farmaciadagostino.com.ar\/sitio\/wp-json\/wp\/v2\/product"}],"about":[{"href":"https:\/\/farmaciadagostino.com.ar\/sitio\/wp-json\/wp\/v2\/types\/product"}],"replies":[{"embeddable":true,"href":"https:\/\/farmaciadagostino.com.ar\/sitio\/wp-json\/wp\/v2\/comments?post=5060"}],"wp:featuredmedia":[{"embeddable":true,"href":"https:\/\/farmaciadagostino.com.ar\/sitio\/wp-json\/wp\/v2\/media\/3443"}],"wp:attachment":[{"href":"https:\/\/farmaciadagostino.com.ar\/sitio\/wp-json\/wp\/v2\/media?parent=5060"}],"wp:term":[{"taxonomy":"product_brand","embeddable":true,"href":"https:\/\/farmaciadagostino.com.ar\/sitio\/wp-json\/wp\/v2\/product_brand?post=5060"},{"taxonomy":"product_cat","embeddable":true,"href":"https:\/\/farmaciadagostino.com.ar\/sitio\/wp-json\/wp\/v2\/product_cat?post=5060"},{"taxonomy":"product_tag","embeddable":true,"href":"https:\/\/farmaciadagostino.com.ar\/sitio\/wp-json\/wp\/v2\/product_tag?post=5060"}],"curies":[{"name":"wp","href":"https:\/\/api.w.org\/{rel}","templated":true}]}}