{"id":5107,"date":"2024-06-09T13:22:28","date_gmt":"2024-06-09T16:22:28","guid":{"rendered":"https:\/\/farmaciadagostino.com.ar\/sitio\/producto\/caladryl-crema-x70-gr\/"},"modified":"2026-03-09T10:17:57","modified_gmt":"2026-03-09T13:17:57","slug":"caladryl-crema-x70-gr","status":"publish","type":"product","link":"https:\/\/farmaciadagostino.com.ar\/sitio\/producto\/caladryl-crema-x70-gr\/","title":{"rendered":"CALADRYL CREMA x70 gr"},"content":{"rendered":"<p>Indicaciones: Caladryl crema proporciona alivio temporario de la picaz\u00f3n, inflamaci\u00f3n y dolor asociados con<br \/>\nirritaciones menores de la piel, picaz\u00f3n al\u00e9rgica, erupciones, picaduras de insectos, quemaduras de sol, quemaduras leves en general y sarpullido estival.<br \/>\nNO MANCHA LA ROPA. SOLO PARA USO EXTERNO.<br \/>\nModo de empleo: Ni\u00f1os a partir de los 6 a\u00f1os y adultos extender Caladryl crema sobre el \u00e1rea afectada 3 a 4 veces<br \/>\nal d\u00eda o seg\u00fan indicaci\u00f3n m\u00e9dica. Antes de aplicar, lave la piel con agua y jab\u00f3n y seque. Para ni\u00f1os menores de 6<br \/>\na\u00f1os: consultar con el m\u00e9dico.Conservar entre 15 y 30 \u00b0C en el envase perfectamente cerrado. Proteger de la luz y<br \/>\ndel congelamiento.<\/p>\n","protected":false},"excerpt":{"rendered":"<p>Caladryl es un producto que calma la picaz\u00f3n, refresca la piel y produce un alivio inmediato.<\/p>\n","protected":false},"featured_media":3810,"comment_status":"open","ping_status":"closed","template":"","meta":[],"product_brand":[],"product_cat":[152,149],"product_tag":[],"class_list":{"0":"post-5107","1":"product","2":"type-product","3":"status-publish","4":"has-post-thumbnail","6":"product_cat-cuidado-personal","7":"product_cat-farmacia","9":"first","10":"instock","11":"shipping-taxable","12":"purchasable","13":"product-type-simple"},"_links":{"self":[{"href":"https:\/\/farmaciadagostino.com.ar\/sitio\/wp-json\/wp\/v2\/product\/5107","targetHints":{"allow":["GET"]}}],"collection":[{"href":"https:\/\/farmaciadagostino.com.ar\/sitio\/wp-json\/wp\/v2\/product"}],"about":[{"href":"https:\/\/farmaciadagostino.com.ar\/sitio\/wp-json\/wp\/v2\/types\/product"}],"replies":[{"embeddable":true,"href":"https:\/\/farmaciadagostino.com.ar\/sitio\/wp-json\/wp\/v2\/comments?post=5107"}],"wp:featuredmedia":[{"embeddable":true,"href":"https:\/\/farmaciadagostino.com.ar\/sitio\/wp-json\/wp\/v2\/media\/3810"}],"wp:attachment":[{"href":"https:\/\/farmaciadagostino.com.ar\/sitio\/wp-json\/wp\/v2\/media?parent=5107"}],"wp:term":[{"taxonomy":"product_brand","embeddable":true,"href":"https:\/\/farmaciadagostino.com.ar\/sitio\/wp-json\/wp\/v2\/product_brand?post=5107"},{"taxonomy":"product_cat","embeddable":true,"href":"https:\/\/farmaciadagostino.com.ar\/sitio\/wp-json\/wp\/v2\/product_cat?post=5107"},{"taxonomy":"product_tag","embeddable":true,"href":"https:\/\/farmaciadagostino.com.ar\/sitio\/wp-json\/wp\/v2\/product_tag?post=5107"}],"curies":[{"name":"wp","href":"https:\/\/api.w.org\/{rel}","templated":true}]}}