{"id":5221,"date":"2024-06-09T13:22:55","date_gmt":"2024-06-09T16:22:55","guid":{"rendered":"https:\/\/farmaciadagostino.com.ar\/sitio\/producto\/isdin-isdinceutics-essential-cleansing-200ml\/"},"modified":"2026-03-09T10:09:45","modified_gmt":"2026-03-09T13:09:45","slug":"isdin-isdinceutics-essential-cleansing-200ml","status":"publish","type":"product","link":"https:\/\/farmaciadagostino.com.ar\/sitio\/producto\/isdin-isdinceutics-essential-cleansing-200ml\/","title":{"rendered":"Isdinceutics Essential Cleansing Aceite Limpiador 200 ml"},"content":{"rendered":"<p>Essential Cleansing es un aceite limpiador facial suave y ligero de textura oil-to-milk que utiliza el poder del aceite para limpiar en profundidad la piel. En contacto con el agua se transforma en una agradable emulsi\u00f3n que deja la piel suave e hidratada.<\/p>\n<h5>Beneficios:<\/h5>\n<p>Limpia y elimina eficazmente exceso de sebo, as\u00ed como maquillaje y protecci\u00f3n solar resistente al agua. Hidrata y respeta la barrera lip\u00eddica de la piel. Promueve un aspecto luminoso y radiante de la piel.<\/p>\n<h5>Modo de uso:<\/h5>\n<p>Aplicar 2 o 3 pulsaciones de producto en las manos secas y extender el aceite con movimientos circulares por todo el rostro seco. Para desmaquillar los p\u00e1rpados y pesta\u00f1as, usar la yema de los dedos y frotar suavemente, siempre con los ojos cerrados, de arriba hacia abajo. Humedecer la piel con agua tibia y masajear el aceite hasta que se transforme en una emulsi\u00f3n ligera. Enjuagar el rostro con agua tibia y secar la piel a toques con una toalla.<\/p>\n","protected":false},"excerpt":{"rendered":"<p>Essential Cleansing es un aceite limpiador facial suave y ligero de textura oil-to-milk que utiliza el poder del aceite para limpiar en profundidad la piel<\/p>\n","protected":false},"featured_media":4570,"comment_status":"open","ping_status":"closed","template":"","meta":[],"product_brand":[],"product_cat":[237,162],"product_tag":[],"class_list":{"0":"post-5221","1":"product","2":"type-product","3":"status-publish","4":"has-post-thumbnail","6":"product_cat-belleza","7":"product_cat-dermocosmetica","9":"first","10":"instock","11":"shipping-taxable","12":"purchasable","13":"product-type-simple"},"_links":{"self":[{"href":"https:\/\/farmaciadagostino.com.ar\/sitio\/wp-json\/wp\/v2\/product\/5221","targetHints":{"allow":["GET"]}}],"collection":[{"href":"https:\/\/farmaciadagostino.com.ar\/sitio\/wp-json\/wp\/v2\/product"}],"about":[{"href":"https:\/\/farmaciadagostino.com.ar\/sitio\/wp-json\/wp\/v2\/types\/product"}],"replies":[{"embeddable":true,"href":"https:\/\/farmaciadagostino.com.ar\/sitio\/wp-json\/wp\/v2\/comments?post=5221"}],"wp:featuredmedia":[{"embeddable":true,"href":"https:\/\/farmaciadagostino.com.ar\/sitio\/wp-json\/wp\/v2\/media\/4570"}],"wp:attachment":[{"href":"https:\/\/farmaciadagostino.com.ar\/sitio\/wp-json\/wp\/v2\/media?parent=5221"}],"wp:term":[{"taxonomy":"product_brand","embeddable":true,"href":"https:\/\/farmaciadagostino.com.ar\/sitio\/wp-json\/wp\/v2\/product_brand?post=5221"},{"taxonomy":"product_cat","embeddable":true,"href":"https:\/\/farmaciadagostino.com.ar\/sitio\/wp-json\/wp\/v2\/product_cat?post=5221"},{"taxonomy":"product_tag","embeddable":true,"href":"https:\/\/farmaciadagostino.com.ar\/sitio\/wp-json\/wp\/v2\/product_tag?post=5221"}],"curies":[{"name":"wp","href":"https:\/\/api.w.org\/{rel}","templated":true}]}}