{"id":5387,"date":"2024-06-09T13:23:32","date_gmt":"2024-06-09T16:23:32","guid":{"rendered":"https:\/\/farmaciadagostino.com.ar\/sitio\/producto\/nivea-facial-agua-micelar-energy-3x-anti-oxidantes-x400-ml\/"},"modified":"2026-03-09T10:25:11","modified_gmt":"2026-03-09T13:25:11","slug":"nivea-facial-agua-micelar-energy-3x-anti-oxidantes-x400-ml","status":"publish","type":"product","link":"https:\/\/farmaciadagostino.com.ar\/sitio\/producto\/nivea-facial-agua-micelar-energy-3x-anti-oxidantes-x400-ml\/","title":{"rendered":"NIVEA FACIAL AGUA MICELAR ENERGY 3X ANTI-OXIDANTES x400 ml"},"content":{"rendered":"<p>Limpia profundamente.<br \/>\nRemueve el maquillaje.<br \/>\nEnergiza.<br \/>\nRevitaliza.<br \/>\nLa f\u00f3rmula vegana contiene micelas de origen natural.<br \/>\nEl producto viene en una botella reciclada al 96%.<\/p>\n","protected":false},"excerpt":{"rendered":"<p>La NUEVA AGUA MICELAR ENERGY limpia y elimina profundamente el maquillaje. La f\u00f3rmula de antioxidantes 3x con vitamina C, vitamina B3 y extracto de ar\u00e1ndano energiza y revitaliza su piel dejando una sensaci\u00f3n de piel maravillosamente fresca y suave.<\/p>\n","protected":false},"featured_media":3038,"comment_status":"open","ping_status":"closed","template":"","meta":[],"product_brand":[],"product_cat":[237,262,162,264],"product_tag":[],"class_list":{"0":"post-5387","1":"product","2":"type-product","3":"status-publish","4":"has-post-thumbnail","6":"product_cat-belleza","7":"product_cat-promo","8":"product_cat-dermocosmetica","9":"product_cat-ofertas","11":"first","12":"instock","13":"sale","14":"shipping-taxable","15":"purchasable","16":"product-type-simple"},"_links":{"self":[{"href":"https:\/\/farmaciadagostino.com.ar\/sitio\/wp-json\/wp\/v2\/product\/5387","targetHints":{"allow":["GET"]}}],"collection":[{"href":"https:\/\/farmaciadagostino.com.ar\/sitio\/wp-json\/wp\/v2\/product"}],"about":[{"href":"https:\/\/farmaciadagostino.com.ar\/sitio\/wp-json\/wp\/v2\/types\/product"}],"replies":[{"embeddable":true,"href":"https:\/\/farmaciadagostino.com.ar\/sitio\/wp-json\/wp\/v2\/comments?post=5387"}],"wp:featuredmedia":[{"embeddable":true,"href":"https:\/\/farmaciadagostino.com.ar\/sitio\/wp-json\/wp\/v2\/media\/3038"}],"wp:attachment":[{"href":"https:\/\/farmaciadagostino.com.ar\/sitio\/wp-json\/wp\/v2\/media?parent=5387"}],"wp:term":[{"taxonomy":"product_brand","embeddable":true,"href":"https:\/\/farmaciadagostino.com.ar\/sitio\/wp-json\/wp\/v2\/product_brand?post=5387"},{"taxonomy":"product_cat","embeddable":true,"href":"https:\/\/farmaciadagostino.com.ar\/sitio\/wp-json\/wp\/v2\/product_cat?post=5387"},{"taxonomy":"product_tag","embeddable":true,"href":"https:\/\/farmaciadagostino.com.ar\/sitio\/wp-json\/wp\/v2\/product_tag?post=5387"}],"curies":[{"name":"wp","href":"https:\/\/api.w.org\/{rel}","templated":true}]}}