{"id":5390,"date":"2024-06-09T13:23:33","date_gmt":"2024-06-09T16:23:33","guid":{"rendered":"https:\/\/farmaciadagostino.com.ar\/sitio\/producto\/bago-chia-plus-x30-caps-blandas\/"},"modified":"2026-03-09T10:25:11","modified_gmt":"2026-03-09T13:25:11","slug":"bago-chia-plus-x30-caps-blandas","status":"publish","type":"product","link":"https:\/\/farmaciadagostino.com.ar\/sitio\/producto\/bago-chia-plus-x30-caps-blandas\/","title":{"rendered":"Bago Suplemento Dietario Chia Plus (30 Capsulas Blandas)"},"content":{"rendered":"<p>\u00ab<\/p>\n<h5>Descripci\u00f3n<\/h5>\n<p>Ch\u00eda Plus Bag\u00f3 es un suplemento dietario a base de Ch\u00eda Omega 3 (ALA, DHA y EPA) y Vitamina E. El DHA y EPA favorecen la actividad cerebral y la salud del sistema nervioso, mientras que el ALA ayuda a reducir los niveles de colesterol y triglic\u00e9ridos, protegiendo al sistema cardiovascular al normal funcionamiento cerebral, tu memoria y aprendizaje, tambi\u00e9n protegiendo el aparato cardiovascular.<\/p>\n<h5>Beneficios<\/h5>\n<p>&#8211; Suplemento dietario a base de Ch\u00eda Omega 3<br \/>\n&#8211; El&nbsp;DHA&nbsp;y&nbsp;EPA&nbsp;favorecen la&nbsp;actividad cerebral&nbsp;y la&nbsp;salud del sistema nervioso<br \/>\n&#8211; El ALA ayuda a reducir los niveles de colesterol y triglic\u00e9ridos, protegiendo al sistema cardiovascular<br \/>\n&#8211; Es ideal para&nbsp;hombres y mujeres&nbsp;que quieren&nbsp;cuidar su coraz\u00f3n&nbsp;y, a su vez,&nbsp;fortalecer la actividad cerebral&nbsp;para conservar su agudeza mental por mucho m\u00e1s tiempo.<br \/>\n&#8211; El poder de Ch\u00eda Plus Bag\u00f3 reside en la combinaci\u00f3n de&nbsp;ALA, DHA y EPA, fundamentales para el cuidado del coraz\u00f3n y el fortalecimiento del cerebro.<\/p>\n<h5>Modo de uso<\/h5>\n<p>Adultos: 1 &#8211; 2 C\u00e1psulas Blandas por d\u00eda, ingeridas con bastante l\u00edquido.<\/p>\n<h5>Ingredientes<\/h5>\n<p>Cada C\u00e1psula Blanda contiene: Aceite de Ch\u00eda (equivalente a 450 mg de Omega-3 \u00c1cido alfa linol\u00e9nico ALA) 750 mg; Aceite Life\u2019s Omega 60 (equivalente a 50 mg de Omega-3 \u00c1cido docosahexaenoico DHA y \u00c1cido eicosapentanoico EPA) 100 mg; Dl-alfatocoferol acetato (equivalente a 2 mg de Vitamina E) 2,98 mg; Gelatina; Glicerina.<\/p>\n<p>\u00ab<\/p>\n","protected":false},"excerpt":{"rendered":"<p>\u00abDescripci\u00f3nCh\u00eda Plus Bag\u00f3 es un suplemento dietario a base de Ch\u00eda Omega 3 (ALA, DHA y EPA) y Vitamina E<\/p>\n","protected":false},"featured_media":3283,"comment_status":"open","ping_status":"closed","template":"","meta":[],"product_brand":[],"product_cat":[149],"product_tag":[],"class_list":{"0":"post-5390","1":"product","2":"type-product","3":"status-publish","4":"has-post-thumbnail","6":"product_cat-farmacia","8":"first","9":"instock","10":"shipping-taxable","11":"purchasable","12":"product-type-simple"},"_links":{"self":[{"href":"https:\/\/farmaciadagostino.com.ar\/sitio\/wp-json\/wp\/v2\/product\/5390","targetHints":{"allow":["GET"]}}],"collection":[{"href":"https:\/\/farmaciadagostino.com.ar\/sitio\/wp-json\/wp\/v2\/product"}],"about":[{"href":"https:\/\/farmaciadagostino.com.ar\/sitio\/wp-json\/wp\/v2\/types\/product"}],"replies":[{"embeddable":true,"href":"https:\/\/farmaciadagostino.com.ar\/sitio\/wp-json\/wp\/v2\/comments?post=5390"}],"wp:featuredmedia":[{"embeddable":true,"href":"https:\/\/farmaciadagostino.com.ar\/sitio\/wp-json\/wp\/v2\/media\/3283"}],"wp:attachment":[{"href":"https:\/\/farmaciadagostino.com.ar\/sitio\/wp-json\/wp\/v2\/media?parent=5390"}],"wp:term":[{"taxonomy":"product_brand","embeddable":true,"href":"https:\/\/farmaciadagostino.com.ar\/sitio\/wp-json\/wp\/v2\/product_brand?post=5390"},{"taxonomy":"product_cat","embeddable":true,"href":"https:\/\/farmaciadagostino.com.ar\/sitio\/wp-json\/wp\/v2\/product_cat?post=5390"},{"taxonomy":"product_tag","embeddable":true,"href":"https:\/\/farmaciadagostino.com.ar\/sitio\/wp-json\/wp\/v2\/product_tag?post=5390"}],"curies":[{"name":"wp","href":"https:\/\/api.w.org\/{rel}","templated":true}]}}