{"id":5391,"date":"2024-06-09T13:23:33","date_gmt":"2024-06-09T16:23:33","guid":{"rendered":"https:\/\/farmaciadagostino.com.ar\/sitio\/producto\/maybelline-new-york-base-de-maquillaje-fitme-fresh-tint-f50-01\/"},"modified":"2026-03-09T10:09:46","modified_gmt":"2026-03-09T13:09:46","slug":"maybelline-new-york-base-de-maquillaje-fitme-fresh-tint-f50-01","status":"publish","type":"product","link":"https:\/\/farmaciadagostino.com.ar\/sitio\/producto\/maybelline-new-york-base-de-maquillaje-fitme-fresh-tint-f50-01\/","title":{"rendered":"Base L\u00edquida Maybelline Fit Me Fresh Tint Spf 50 1"},"content":{"rendered":"<p>Base de maquillaje ligera contiene Vitamina C en su f\u00f3rmula, la cual te dejara la piel con un efecto fresco y brillante para el d\u00eda a d\u00eda al instante. Cuida tu piel de la radicaci\u00f3n solar con Fit Me Fresh Tint ya que posee un alta protecci\u00f3n solar con FPS 50 \u00a1Aprieta y disfruta de los beneficios de esta base de maquillaje!<\/p>\n<h5>Beneficios:<\/h5>\n<p>Te da un look fresco y luminoso, al mismo tiempo que cuida tu piel.<\/p>\n<\/p>\n<h5>Modo de uso:<\/h5>\n<p>Aplica la base en el rostro y difum\u00ednala con las yemas de los dedos o con un aplicador.<\/p>\n","protected":false},"excerpt":{"rendered":"<p>Base de maquillaje ligera contiene Vitamina C en su f\u00f3rmula, la cual te dejara la piel con un efecto fresco y brillante para el d\u00eda a d\u00eda al instante<\/p>\n","protected":false},"featured_media":3100,"comment_status":"open","ping_status":"closed","template":"","meta":[],"product_brand":[],"product_cat":[237],"product_tag":[],"class_list":{"0":"post-5391","1":"product","2":"type-product","3":"status-publish","4":"has-post-thumbnail","6":"product_cat-belleza","8":"first","9":"instock","10":"shipping-taxable","11":"purchasable","12":"product-type-simple"},"_links":{"self":[{"href":"https:\/\/farmaciadagostino.com.ar\/sitio\/wp-json\/wp\/v2\/product\/5391","targetHints":{"allow":["GET"]}}],"collection":[{"href":"https:\/\/farmaciadagostino.com.ar\/sitio\/wp-json\/wp\/v2\/product"}],"about":[{"href":"https:\/\/farmaciadagostino.com.ar\/sitio\/wp-json\/wp\/v2\/types\/product"}],"replies":[{"embeddable":true,"href":"https:\/\/farmaciadagostino.com.ar\/sitio\/wp-json\/wp\/v2\/comments?post=5391"}],"wp:featuredmedia":[{"embeddable":true,"href":"https:\/\/farmaciadagostino.com.ar\/sitio\/wp-json\/wp\/v2\/media\/3100"}],"wp:attachment":[{"href":"https:\/\/farmaciadagostino.com.ar\/sitio\/wp-json\/wp\/v2\/media?parent=5391"}],"wp:term":[{"taxonomy":"product_brand","embeddable":true,"href":"https:\/\/farmaciadagostino.com.ar\/sitio\/wp-json\/wp\/v2\/product_brand?post=5391"},{"taxonomy":"product_cat","embeddable":true,"href":"https:\/\/farmaciadagostino.com.ar\/sitio\/wp-json\/wp\/v2\/product_cat?post=5391"},{"taxonomy":"product_tag","embeddable":true,"href":"https:\/\/farmaciadagostino.com.ar\/sitio\/wp-json\/wp\/v2\/product_tag?post=5391"}],"curies":[{"name":"wp","href":"https:\/\/api.w.org\/{rel}","templated":true}]}}