{"id":5427,"date":"2024-06-09T13:23:39","date_gmt":"2024-06-09T16:23:39","guid":{"rendered":"https:\/\/farmaciadagostino.com.ar\/sitio\/producto\/caviahue-crema-antiage-natural-noche-x45-gr\/"},"modified":"2026-03-09T10:17:59","modified_gmt":"2026-03-09T13:17:59","slug":"caviahue-crema-antiage-natural-noche-x45-gr","status":"publish","type":"product","link":"https:\/\/farmaciadagostino.com.ar\/sitio\/producto\/caviahue-crema-antiage-natural-noche-x45-gr\/","title":{"rendered":"Caviahue Crema Antiage Natural Noche 50 gr"},"content":{"rendered":"<p>97% DE INGREDIENTES DE ORIGEN NATURAL. Potencia natural para cuidar y humectar tu piel. La combinaci\u00f3n de sus aceites y extractos naturales conjuntamente con \u00c1cido Hialur\u00f3nico act\u00faan intensamente durante la noche proporcionando un efecto potente y natural que ayuda a reparar y humectar tu piel profundamente, atenuando arrugas y l\u00edneas de expresi\u00f3n.<\/p>\n<p>Libre de fragancias, parabenos, colorantes sint\u00e9ticos, sulfatos, ftalatos, siliconas, parafinas. Cruelty Free. Con respaldo cient\u00edfico.<\/p>\n","protected":false},"excerpt":{"rendered":"<p>97% DE INGREDIENTES DE ORIGEN NATURAL<\/p>\n","protected":false},"featured_media":4105,"comment_status":"open","ping_status":"closed","template":"","meta":[],"product_brand":[],"product_cat":[237,162],"product_tag":[],"class_list":{"0":"post-5427","1":"product","2":"type-product","3":"status-publish","4":"has-post-thumbnail","6":"product_cat-belleza","7":"product_cat-dermocosmetica","9":"first","10":"instock","11":"shipping-taxable","12":"purchasable","13":"product-type-simple"},"_links":{"self":[{"href":"https:\/\/farmaciadagostino.com.ar\/sitio\/wp-json\/wp\/v2\/product\/5427","targetHints":{"allow":["GET"]}}],"collection":[{"href":"https:\/\/farmaciadagostino.com.ar\/sitio\/wp-json\/wp\/v2\/product"}],"about":[{"href":"https:\/\/farmaciadagostino.com.ar\/sitio\/wp-json\/wp\/v2\/types\/product"}],"replies":[{"embeddable":true,"href":"https:\/\/farmaciadagostino.com.ar\/sitio\/wp-json\/wp\/v2\/comments?post=5427"}],"wp:featuredmedia":[{"embeddable":true,"href":"https:\/\/farmaciadagostino.com.ar\/sitio\/wp-json\/wp\/v2\/media\/4105"}],"wp:attachment":[{"href":"https:\/\/farmaciadagostino.com.ar\/sitio\/wp-json\/wp\/v2\/media?parent=5427"}],"wp:term":[{"taxonomy":"product_brand","embeddable":true,"href":"https:\/\/farmaciadagostino.com.ar\/sitio\/wp-json\/wp\/v2\/product_brand?post=5427"},{"taxonomy":"product_cat","embeddable":true,"href":"https:\/\/farmaciadagostino.com.ar\/sitio\/wp-json\/wp\/v2\/product_cat?post=5427"},{"taxonomy":"product_tag","embeddable":true,"href":"https:\/\/farmaciadagostino.com.ar\/sitio\/wp-json\/wp\/v2\/product_tag?post=5427"}],"curies":[{"name":"wp","href":"https:\/\/api.w.org\/{rel}","templated":true}]}}