{"id":5557,"date":"2024-06-09T13:24:05","date_gmt":"2024-06-09T16:24:05","guid":{"rendered":"https:\/\/farmaciadagostino.com.ar\/sitio\/producto\/pantene-crema-para-peinar-colageno-x300-ml\/"},"modified":"2026-03-09T10:18:02","modified_gmt":"2026-03-09T13:18:02","slug":"pantene-crema-para-peinar-colageno-x300-ml","status":"publish","type":"product","link":"https:\/\/farmaciadagostino.com.ar\/sitio\/producto\/pantene-crema-para-peinar-colageno-x300-ml\/","title":{"rendered":"PANTENE CREMA PARA PEINAR COL\u00c1GENO x300 ml"},"content":{"rendered":"<p>La f\u00f3rmula sin sal\u2019 de la Crema para Peinar Pantene Col\u00e1geno Nutre y Revitaliza hidrata el pelo dejando unas ondas relajadas y con estilo, sus ingredientes acondicionantes crean un escudo protector de humedad que deja el pelo suave para peinarlo al toque.<br \/>\nDe esta manera, las mujeres pueden llevar su pelo sin frizz. Adem\u00e1s, su textura es perfecta para estilizar el pelo da\u00f1ado dejando un wet look moderno.<br \/>\nLa colecci\u00f3n Pantene Col\u00e1geno Nutre y Revitaliza formulada con Col\u00e1geno para pelo, Pro-Vitamina B5 y Aceite de Macadamia lleg\u00f3 para nutrir profundamente tu pelo dej\u00e1ndolo suave y brillante. Si buscas una reparaci\u00f3n y nutrici\u00f3n profunda para tu pelo esta colecci\u00f3n ser\u00e1 tu mejor aliada en el rescate.<br \/>\n\u00a1Decile adi\u00f3s al frizz y las puntas abiertas! Nutrici\u00f3n Profunda con Pantene Col\u00e1geno.<br \/>\nBeneficios.<br \/>\nCrema para peinar con col\u00e1geno para pelo da\u00f1ado Nutrici\u00f3n profunda para tu pelo.<br \/>\nOndas relajadas sin secador.<br \/>\nF\u00f3rmula con C\u00f3lageno, Aceite de Macadamia y Pro-Vitamina B5 Esta colecci\u00f3n cuenta con una fragancia \u00fanica a frutos rojos.<br \/>\nCrema para peinar sin sal\u2019.<br \/>\n\u00b4Sin adici\u00f3n de NaCl.<br \/>\nModo Uso.<br \/>\nAplica sobre el cabello h\u00famedo o seco. Desenreda y estiliza como de costumbre, puede ser usado varias veces al d\u00eda, no necesita enjuague.<br \/>\nComposici\u00f3n.<br \/>\nAqua, stearyl alcohol, behentrimonium chloride, cetyl alcohol, bis-aminopropyl dimethicone, parfum, phenoxyethanol, benzyl alcohol, sodium benzoate, disodium edta, polysorbate 20, citric acid, panthenol, panthenyl ethyl ether, linalool, hexyl cinnamal, limonene, coumarin, macadamia ternifolia seed oil, collagen.<\/p>\n","protected":false},"excerpt":{"rendered":"<p>La crema para peinar perfecta para realzar tu look de pelo en los d\u00edas de descanso cuando no usas tu secador, planchas o herramientas que desgastan el pelo \u00a1est\u00e1 aqu\u00ed!.<\/p>\n","protected":false},"featured_media":3131,"comment_status":"open","ping_status":"closed","template":"","meta":[],"product_brand":[],"product_cat":[237,262,152,264],"product_tag":[],"class_list":{"0":"post-5557","1":"product","2":"type-product","3":"status-publish","4":"has-post-thumbnail","6":"product_cat-belleza","7":"product_cat-promo","8":"product_cat-cuidado-personal","9":"product_cat-ofertas","11":"first","12":"instock","13":"sale","14":"shipping-taxable","15":"purchasable","16":"product-type-simple"},"_links":{"self":[{"href":"https:\/\/farmaciadagostino.com.ar\/sitio\/wp-json\/wp\/v2\/product\/5557","targetHints":{"allow":["GET"]}}],"collection":[{"href":"https:\/\/farmaciadagostino.com.ar\/sitio\/wp-json\/wp\/v2\/product"}],"about":[{"href":"https:\/\/farmaciadagostino.com.ar\/sitio\/wp-json\/wp\/v2\/types\/product"}],"replies":[{"embeddable":true,"href":"https:\/\/farmaciadagostino.com.ar\/sitio\/wp-json\/wp\/v2\/comments?post=5557"}],"wp:featuredmedia":[{"embeddable":true,"href":"https:\/\/farmaciadagostino.com.ar\/sitio\/wp-json\/wp\/v2\/media\/3131"}],"wp:attachment":[{"href":"https:\/\/farmaciadagostino.com.ar\/sitio\/wp-json\/wp\/v2\/media?parent=5557"}],"wp:term":[{"taxonomy":"product_brand","embeddable":true,"href":"https:\/\/farmaciadagostino.com.ar\/sitio\/wp-json\/wp\/v2\/product_brand?post=5557"},{"taxonomy":"product_cat","embeddable":true,"href":"https:\/\/farmaciadagostino.com.ar\/sitio\/wp-json\/wp\/v2\/product_cat?post=5557"},{"taxonomy":"product_tag","embeddable":true,"href":"https:\/\/farmaciadagostino.com.ar\/sitio\/wp-json\/wp\/v2\/product_tag?post=5557"}],"curies":[{"name":"wp","href":"https:\/\/api.w.org\/{rel}","templated":true}]}}