{"id":5558,"date":"2024-06-09T13:24:05","date_gmt":"2024-06-09T16:24:05","guid":{"rendered":"https:\/\/farmaciadagostino.com.ar\/sitio\/producto\/pantene-acondicionador-colageno-nutre-revitaliza-x200-ml\/"},"modified":"2026-03-09T10:25:13","modified_gmt":"2026-03-09T13:25:13","slug":"pantene-acondicionador-colageno-nutre-revitaliza-x200-ml","status":"publish","type":"product","link":"https:\/\/farmaciadagostino.com.ar\/sitio\/producto\/pantene-acondicionador-colageno-nutre-revitaliza-x200-ml\/","title":{"rendered":"Pantene Acondicionador Colageno 200 ml"},"content":{"rendered":"<p>El Acondicionador sin sal pantene pro-v miracles col\u00e1geno nutre y revitaliza contiene ingredientes acondicionadores activos que lubrican el cabello para una sensaci\u00f3n de suavidad inigualable y potenciando los beneficios de nutrici\u00f3n del shampoo. <\/p>\n<h5>Beneficios:<\/h5>\n<p>Logra en el cabello que es estilizado a diario una reparaci\u00f3n y nutrici\u00f3n profunda duradera de ra\u00edz a puntas gracias a su f\u00f3rmula con colageno. Tambi\u00e9n ayuda a regenerar, nutrir, fortalecer, controlar el frizz y las puntas abiertas y darle elasticidad al cabello maltratado debido a los estilizados constantes. <\/p>\n","protected":false},"excerpt":{"rendered":"<p>El Acondicionador sin sal pantene pro-v miracles col\u00e1geno nutre y revitaliza contiene ingredientes acondicionadores activos que lubrican el cabello para una sensaci\u00f3n de suavidad inigualable y potenciando los beneficios de nutrici\u00f3n del shampoo<\/p>\n","protected":false},"featured_media":3112,"comment_status":"open","ping_status":"closed","template":"","meta":[],"product_brand":[],"product_cat":[237,152],"product_tag":[],"class_list":{"0":"post-5558","1":"product","2":"type-product","3":"status-publish","4":"has-post-thumbnail","6":"product_cat-belleza","7":"product_cat-cuidado-personal","9":"first","10":"instock","11":"shipping-taxable","12":"purchasable","13":"product-type-simple"},"_links":{"self":[{"href":"https:\/\/farmaciadagostino.com.ar\/sitio\/wp-json\/wp\/v2\/product\/5558","targetHints":{"allow":["GET"]}}],"collection":[{"href":"https:\/\/farmaciadagostino.com.ar\/sitio\/wp-json\/wp\/v2\/product"}],"about":[{"href":"https:\/\/farmaciadagostino.com.ar\/sitio\/wp-json\/wp\/v2\/types\/product"}],"replies":[{"embeddable":true,"href":"https:\/\/farmaciadagostino.com.ar\/sitio\/wp-json\/wp\/v2\/comments?post=5558"}],"wp:featuredmedia":[{"embeddable":true,"href":"https:\/\/farmaciadagostino.com.ar\/sitio\/wp-json\/wp\/v2\/media\/3112"}],"wp:attachment":[{"href":"https:\/\/farmaciadagostino.com.ar\/sitio\/wp-json\/wp\/v2\/media?parent=5558"}],"wp:term":[{"taxonomy":"product_brand","embeddable":true,"href":"https:\/\/farmaciadagostino.com.ar\/sitio\/wp-json\/wp\/v2\/product_brand?post=5558"},{"taxonomy":"product_cat","embeddable":true,"href":"https:\/\/farmaciadagostino.com.ar\/sitio\/wp-json\/wp\/v2\/product_cat?post=5558"},{"taxonomy":"product_tag","embeddable":true,"href":"https:\/\/farmaciadagostino.com.ar\/sitio\/wp-json\/wp\/v2\/product_tag?post=5558"}],"curies":[{"name":"wp","href":"https:\/\/api.w.org\/{rel}","templated":true}]}}