{"id":5608,"date":"2024-06-09T13:24:11","date_gmt":"2024-06-09T16:24:11","guid":{"rendered":"https:\/\/farmaciadagostino.com.ar\/sitio\/producto\/eucerin-ph5-gel-crema-piel-seca-y-sensible-x200-ml\/"},"modified":"2026-03-09T10:25:13","modified_gmt":"2026-03-09T13:25:13","slug":"eucerin-ph5-gel-crema-piel-seca-y-sensible-x200-ml","status":"publish","type":"product","link":"https:\/\/farmaciadagostino.com.ar\/sitio\/producto\/eucerin-ph5-gel-crema-piel-seca-y-sensible-x200-ml\/","title":{"rendered":"EUCERIN PH5 GEL CREMA PIEL SECA Y SENSIBLE x200 ml"},"content":{"rendered":"<p>Su f\u00f3rmula con pH Balance System ayuda a restablecer las defensas naturales de la piel. Enriquecida con Dexpantenol, ingrediente que hidrata de forma instant\u00e1nea y duradera, ayuda a calmar la superficie de la piel sensible y brinda confort inmediato. La crema de r\u00e1pida absorci\u00f3n y textura ligera es ideal para pieles secas y sensibles.<br \/>\nBeneficios.<br \/>\nHidrata profundamente la piel .<br \/>\nCon pH Balance System: ayuda a restablecer las defensas naturales de la piel.<br \/>\nCon Dexpantenol: ayuda a calmar la superficie de la piel sensible y brinda confort inmediato.<br \/>\nTextura ligera.<br \/>\nApta para piel seca y sensible.<br \/>\nModo Uso.<br \/>\nAplicar diariamente Eucerin pH5 Crema-gel corporal Light sobre las piel las veces que sean necesarias.<\/p>\n","protected":false},"excerpt":{"rendered":"<p>La Crema-gel corporal Light Eucerin pH5 hidrata profundamente la piel, dej\u00e1ndola suave, con una apariencia tersa y protegida. Enriquecida con Dexpantenol, ingrediente que hidrata de forma instant\u00e1nea y duradera, ayuda a calmar la superficie de la piel sensible y brinda confort inmediato.<\/p>\n","protected":false},"featured_media":3040,"comment_status":"open","ping_status":"closed","template":"","meta":[],"product_brand":[],"product_cat":[237,162],"product_tag":[],"class_list":{"0":"post-5608","1":"product","2":"type-product","3":"status-publish","4":"has-post-thumbnail","6":"product_cat-belleza","7":"product_cat-dermocosmetica","9":"first","10":"instock","11":"shipping-taxable","12":"purchasable","13":"product-type-simple"},"_links":{"self":[{"href":"https:\/\/farmaciadagostino.com.ar\/sitio\/wp-json\/wp\/v2\/product\/5608","targetHints":{"allow":["GET"]}}],"collection":[{"href":"https:\/\/farmaciadagostino.com.ar\/sitio\/wp-json\/wp\/v2\/product"}],"about":[{"href":"https:\/\/farmaciadagostino.com.ar\/sitio\/wp-json\/wp\/v2\/types\/product"}],"replies":[{"embeddable":true,"href":"https:\/\/farmaciadagostino.com.ar\/sitio\/wp-json\/wp\/v2\/comments?post=5608"}],"wp:featuredmedia":[{"embeddable":true,"href":"https:\/\/farmaciadagostino.com.ar\/sitio\/wp-json\/wp\/v2\/media\/3040"}],"wp:attachment":[{"href":"https:\/\/farmaciadagostino.com.ar\/sitio\/wp-json\/wp\/v2\/media?parent=5608"}],"wp:term":[{"taxonomy":"product_brand","embeddable":true,"href":"https:\/\/farmaciadagostino.com.ar\/sitio\/wp-json\/wp\/v2\/product_brand?post=5608"},{"taxonomy":"product_cat","embeddable":true,"href":"https:\/\/farmaciadagostino.com.ar\/sitio\/wp-json\/wp\/v2\/product_cat?post=5608"},{"taxonomy":"product_tag","embeddable":true,"href":"https:\/\/farmaciadagostino.com.ar\/sitio\/wp-json\/wp\/v2\/product_tag?post=5608"}],"curies":[{"name":"wp","href":"https:\/\/api.w.org\/{rel}","templated":true}]}}