{"id":5610,"date":"2024-06-09T13:24:11","date_gmt":"2024-06-09T16:24:11","guid":{"rendered":"https:\/\/farmaciadagostino.com.ar\/sitio\/producto\/neutrogena-hydroboost-agua-micelar-locion-x200-ml\/"},"modified":"2026-03-09T10:09:49","modified_gmt":"2026-03-09T13:09:49","slug":"neutrogena-hydroboost-agua-micelar-locion-x200-ml","status":"publish","type":"product","link":"https:\/\/farmaciadagostino.com.ar\/sitio\/producto\/neutrogena-hydroboost-agua-micelar-locion-x200-ml\/","title":{"rendered":"NEUTROGENA HYDROBOOST AGUA MICELAR LOCI\u00d3N x200 ml"},"content":{"rendered":"<p>Recomendada para pieles sensibles, este agua micelar combina la tecnolog\u00eda exclusiva de Neutrogena y el \u00e1cido hialur\u00f3nico para una limpieza eficaz a la vez que protege la barrera natural de la piel y mantiene su hidrataci\u00f3n.<br \/>\nModo de uso:<br \/>\nAgite bien el frasco antes de usar. Humedezca un algod\u00f3n con el producto y aplique en el rostro, ojos cerrados, labios y cuello. No enjuagar.<\/p>\n","protected":false},"excerpt":{"rendered":"<p>El limpiador Hydro Boost Agua Micelar limpia y elimina el maquillaje y las impurezas y le aporta una dosis de hidrataci\u00f3n.<\/p>\n","protected":false},"featured_media":4386,"comment_status":"open","ping_status":"closed","template":"","meta":[],"product_brand":[],"product_cat":[237,262,162,264],"product_tag":[],"class_list":{"0":"post-5610","1":"product","2":"type-product","3":"status-publish","4":"has-post-thumbnail","6":"product_cat-belleza","7":"product_cat-promo","8":"product_cat-dermocosmetica","9":"product_cat-ofertas","11":"first","12":"instock","13":"sale","14":"shipping-taxable","15":"purchasable","16":"product-type-simple"},"_links":{"self":[{"href":"https:\/\/farmaciadagostino.com.ar\/sitio\/wp-json\/wp\/v2\/product\/5610","targetHints":{"allow":["GET"]}}],"collection":[{"href":"https:\/\/farmaciadagostino.com.ar\/sitio\/wp-json\/wp\/v2\/product"}],"about":[{"href":"https:\/\/farmaciadagostino.com.ar\/sitio\/wp-json\/wp\/v2\/types\/product"}],"replies":[{"embeddable":true,"href":"https:\/\/farmaciadagostino.com.ar\/sitio\/wp-json\/wp\/v2\/comments?post=5610"}],"wp:featuredmedia":[{"embeddable":true,"href":"https:\/\/farmaciadagostino.com.ar\/sitio\/wp-json\/wp\/v2\/media\/4386"}],"wp:attachment":[{"href":"https:\/\/farmaciadagostino.com.ar\/sitio\/wp-json\/wp\/v2\/media?parent=5610"}],"wp:term":[{"taxonomy":"product_brand","embeddable":true,"href":"https:\/\/farmaciadagostino.com.ar\/sitio\/wp-json\/wp\/v2\/product_brand?post=5610"},{"taxonomy":"product_cat","embeddable":true,"href":"https:\/\/farmaciadagostino.com.ar\/sitio\/wp-json\/wp\/v2\/product_cat?post=5610"},{"taxonomy":"product_tag","embeddable":true,"href":"https:\/\/farmaciadagostino.com.ar\/sitio\/wp-json\/wp\/v2\/product_tag?post=5610"}],"curies":[{"name":"wp","href":"https:\/\/api.w.org\/{rel}","templated":true}]}}