{"id":5620,"date":"2024-06-09T13:24:13","date_gmt":"2024-06-09T16:24:13","guid":{"rendered":"https:\/\/farmaciadagostino.com.ar\/sitio\/producto\/bengue-sin-olor-roll-on-x50g\/"},"modified":"2026-03-09T10:18:02","modified_gmt":"2026-03-09T13:18:02","slug":"bengue-sin-olor-roll-on-x50g","status":"publish","type":"product","link":"https:\/\/farmaciadagostino.com.ar\/sitio\/producto\/bengue-sin-olor-roll-on-x50g\/","title":{"rendered":"Roll On Bengue Sin Olor x 50 gr Capacidad"},"content":{"rendered":"<p>Gracias a su principal componente, el Diclofenac Dietilamina, provoca una r\u00e1pida y prolongada acci\u00f3n desinflamatoria y analg\u00e9sica. Con una consistencia en gel y sin aroma, Bengue Sin Olor tiene un efecto t\u00e9rmico ideal para relajar los tejidos musculares.<\/p>\n","protected":false},"excerpt":{"rendered":"<p>Bengue Sin Olor posee una f\u00f3rmula espec\u00edficamente indicada para el alivio del dolor en forma inmediata en casos de malestares musculares, lumbalgias, contracturas musculares, torceduras, golpes, dolores de cuello y fatigas musculares.<\/p>\n","protected":false},"featured_media":4143,"comment_status":"open","ping_status":"closed","template":"","meta":[],"product_brand":[],"product_cat":[149],"product_tag":[],"class_list":{"0":"post-5620","1":"product","2":"type-product","3":"status-publish","4":"has-post-thumbnail","6":"product_cat-farmacia","8":"first","9":"instock","10":"shipping-taxable","11":"purchasable","12":"product-type-simple"},"_links":{"self":[{"href":"https:\/\/farmaciadagostino.com.ar\/sitio\/wp-json\/wp\/v2\/product\/5620","targetHints":{"allow":["GET"]}}],"collection":[{"href":"https:\/\/farmaciadagostino.com.ar\/sitio\/wp-json\/wp\/v2\/product"}],"about":[{"href":"https:\/\/farmaciadagostino.com.ar\/sitio\/wp-json\/wp\/v2\/types\/product"}],"replies":[{"embeddable":true,"href":"https:\/\/farmaciadagostino.com.ar\/sitio\/wp-json\/wp\/v2\/comments?post=5620"}],"wp:featuredmedia":[{"embeddable":true,"href":"https:\/\/farmaciadagostino.com.ar\/sitio\/wp-json\/wp\/v2\/media\/4143"}],"wp:attachment":[{"href":"https:\/\/farmaciadagostino.com.ar\/sitio\/wp-json\/wp\/v2\/media?parent=5620"}],"wp:term":[{"taxonomy":"product_brand","embeddable":true,"href":"https:\/\/farmaciadagostino.com.ar\/sitio\/wp-json\/wp\/v2\/product_brand?post=5620"},{"taxonomy":"product_cat","embeddable":true,"href":"https:\/\/farmaciadagostino.com.ar\/sitio\/wp-json\/wp\/v2\/product_cat?post=5620"},{"taxonomy":"product_tag","embeddable":true,"href":"https:\/\/farmaciadagostino.com.ar\/sitio\/wp-json\/wp\/v2\/product_tag?post=5620"}],"curies":[{"name":"wp","href":"https:\/\/api.w.org\/{rel}","templated":true}]}}