{"id":5623,"date":"2024-06-09T13:24:13","date_gmt":"2024-06-09T16:24:13","guid":{"rendered":"https:\/\/farmaciadagostino.com.ar\/sitio\/producto\/megacistin-reconstituyente-y-estimulante-capilar-x60-comp\/"},"modified":"2026-03-09T10:09:49","modified_gmt":"2026-03-09T13:09:49","slug":"megacistin-reconstituyente-y-estimulante-capilar-x60-comp","status":"publish","type":"product","link":"https:\/\/farmaciadagostino.com.ar\/sitio\/producto\/megacistin-reconstituyente-y-estimulante-capilar-x60-comp\/","title":{"rendered":"MEGACISTIN RECONSTITUYENTE Y ESTIMULANTE CAPILAR x60 comp"},"content":{"rendered":"<p>Megacist\u00edn comprimidos se utiliza como tratamiento de apoyo para la ca\u00edda del cabello. Reconstituyente y estimulante del crecimiento capilar.<br \/>\nLos dos nutrientes fundamentales para mantener el cabello saludable y fuerte son la L-Cistina y la Vitamina B6.<br \/>\nL-CISTINA (500 mg): La L-Cistina es un amino\u00e1cido f\u00e1cilmente asimilable, que participa activamente en el metabolismo de la piel, cabello y u\u00f1as. Es el amino\u00e1cido m\u00e1s importante dentro de la composici\u00f3n de la queratina. La queratina es la prote\u00edna responsable de que el cabello sea m\u00e1s fuerte.<br \/>\nVITAMINA B6 (100 mg): La Vitamina B6 es fundamental para varias funciones metab\u00f3licas, entre ellas, es un componente imprescindible para que la L-Cistina se incorpore a la piel, las u\u00f1as y el cabello. Sin esta vitamina, la L-Cistina no podr\u00eda cumplir correctamente su funci\u00f3n. La ausencia de Vitamina B6 puede provocar entre otras cosas, sequedad y deterioro de la calidad de la piel y ca\u00edda del cabello.<br \/>\nModo de uso<br \/>\n2 comprimidos recubiertos por d\u00eda. Se recomienda el uso del shampoo Megacistin, para mejores resultados.<\/p>\n","protected":false},"excerpt":{"rendered":"<p>Tener un pelo saludable implica que sea voluminoso y brillante, con fuerza tanto en la ra\u00edz como en su longitud.<\/p>\n","protected":false},"featured_media":3528,"comment_status":"open","ping_status":"closed","template":"","meta":[],"product_brand":[],"product_cat":[162,149],"product_tag":[],"class_list":{"0":"post-5623","1":"product","2":"type-product","3":"status-publish","4":"has-post-thumbnail","6":"product_cat-dermocosmetica","7":"product_cat-farmacia","9":"first","10":"instock","11":"shipping-taxable","12":"purchasable","13":"product-type-simple"},"_links":{"self":[{"href":"https:\/\/farmaciadagostino.com.ar\/sitio\/wp-json\/wp\/v2\/product\/5623","targetHints":{"allow":["GET"]}}],"collection":[{"href":"https:\/\/farmaciadagostino.com.ar\/sitio\/wp-json\/wp\/v2\/product"}],"about":[{"href":"https:\/\/farmaciadagostino.com.ar\/sitio\/wp-json\/wp\/v2\/types\/product"}],"replies":[{"embeddable":true,"href":"https:\/\/farmaciadagostino.com.ar\/sitio\/wp-json\/wp\/v2\/comments?post=5623"}],"wp:featuredmedia":[{"embeddable":true,"href":"https:\/\/farmaciadagostino.com.ar\/sitio\/wp-json\/wp\/v2\/media\/3528"}],"wp:attachment":[{"href":"https:\/\/farmaciadagostino.com.ar\/sitio\/wp-json\/wp\/v2\/media?parent=5623"}],"wp:term":[{"taxonomy":"product_brand","embeddable":true,"href":"https:\/\/farmaciadagostino.com.ar\/sitio\/wp-json\/wp\/v2\/product_brand?post=5623"},{"taxonomy":"product_cat","embeddable":true,"href":"https:\/\/farmaciadagostino.com.ar\/sitio\/wp-json\/wp\/v2\/product_cat?post=5623"},{"taxonomy":"product_tag","embeddable":true,"href":"https:\/\/farmaciadagostino.com.ar\/sitio\/wp-json\/wp\/v2\/product_tag?post=5623"}],"curies":[{"name":"wp","href":"https:\/\/api.w.org\/{rel}","templated":true}]}}