{"id":5983,"date":"2024-06-09T13:25:32","date_gmt":"2024-06-09T16:25:32","guid":{"rendered":"https:\/\/farmaciadagostino.com.ar\/sitio\/producto\/dove-desodorante-antitranspirante-extra-fresh-men-x150-ml\/"},"modified":"2026-03-09T10:18:06","modified_gmt":"2026-03-09T13:18:06","slug":"dove-desodorante-antitranspirante-extra-fresh-men-x150-ml","status":"publish","type":"product","link":"https:\/\/farmaciadagostino.com.ar\/sitio\/producto\/dove-desodorante-antitranspirante-extra-fresh-men-x150-ml\/","title":{"rendered":"DOVE DESODORANTE ANTITRANSPIRANTE EXTRA FRESH MEN x150 ml"},"content":{"rendered":"<p>Su f\u00f3rmula contiene 1\/4 de tecnolog\u00eda humectante, es 100 % libre de alcohol y ha sido verificada dermatol\u00f3gicamente, por lo que estar\u00e1s protegido contra la picaz\u00f3n e irritaci\u00f3n de la piel. En resumen, es potente contra la transpiraci\u00f3n, no contra tu piel.<\/p>\n","protected":false},"excerpt":{"rendered":"<p>La f\u00f3rmula del antitranspirante Dove Men+Care Extra Fresh combate la transpiraci\u00f3n y el olor corporal hasta por 48 horas, dej\u00e1ndote con un aroma refrescante.<\/p>\n","protected":false},"featured_media":3414,"comment_status":"open","ping_status":"closed","template":"","meta":[],"product_brand":[],"product_cat":[152],"product_tag":[],"class_list":{"0":"post-5983","1":"product","2":"type-product","3":"status-publish","4":"has-post-thumbnail","6":"product_cat-cuidado-personal","8":"first","9":"instock","10":"shipping-taxable","11":"purchasable","12":"product-type-simple"},"_links":{"self":[{"href":"https:\/\/farmaciadagostino.com.ar\/sitio\/wp-json\/wp\/v2\/product\/5983","targetHints":{"allow":["GET"]}}],"collection":[{"href":"https:\/\/farmaciadagostino.com.ar\/sitio\/wp-json\/wp\/v2\/product"}],"about":[{"href":"https:\/\/farmaciadagostino.com.ar\/sitio\/wp-json\/wp\/v2\/types\/product"}],"replies":[{"embeddable":true,"href":"https:\/\/farmaciadagostino.com.ar\/sitio\/wp-json\/wp\/v2\/comments?post=5983"}],"wp:featuredmedia":[{"embeddable":true,"href":"https:\/\/farmaciadagostino.com.ar\/sitio\/wp-json\/wp\/v2\/media\/3414"}],"wp:attachment":[{"href":"https:\/\/farmaciadagostino.com.ar\/sitio\/wp-json\/wp\/v2\/media?parent=5983"}],"wp:term":[{"taxonomy":"product_brand","embeddable":true,"href":"https:\/\/farmaciadagostino.com.ar\/sitio\/wp-json\/wp\/v2\/product_brand?post=5983"},{"taxonomy":"product_cat","embeddable":true,"href":"https:\/\/farmaciadagostino.com.ar\/sitio\/wp-json\/wp\/v2\/product_cat?post=5983"},{"taxonomy":"product_tag","embeddable":true,"href":"https:\/\/farmaciadagostino.com.ar\/sitio\/wp-json\/wp\/v2\/product_tag?post=5983"}],"curies":[{"name":"wp","href":"https:\/\/api.w.org\/{rel}","templated":true}]}}