{"id":6017,"date":"2024-06-09T13:25:41","date_gmt":"2024-06-09T16:25:41","guid":{"rendered":"https:\/\/farmaciadagostino.com.ar\/sitio\/producto\/vidol-talco-floral-repuesto-x250-gr\/"},"modified":"2026-03-09T10:18:06","modified_gmt":"2026-03-09T13:18:06","slug":"vidol-talco-floral-repuesto-x250-gr","status":"publish","type":"product","link":"https:\/\/farmaciadagostino.com.ar\/sitio\/producto\/vidol-talco-floral-repuesto-x250-gr\/","title":{"rendered":"VIDOL TALCO FLORAL REPUESTO x250 gr"},"content":{"rendered":"<p>Deja la piel suave y delicadamente perfumada, brindando una agradable y duradera sensaci\u00f3n de bienestar. El agregado de POLVO DE F\u00c9CULA le da una capacidad de absorci\u00f3n muy superior, ayudando a neutralizar los efectos de la transpiraci\u00f3n y eliminando olores desagradables. El EXTRACTO DE AVENA se obtiene a partir del germen de la AVENA que es un tejido muy rico en factores nutrientes. Posee gran poder suavizante y energetico para la piel.<\/p>\n","protected":false},"excerpt":{"rendered":"<p>Esta elaborado con el mas fino talco y con fragancias naturales.<\/p>\n","protected":false},"featured_media":3264,"comment_status":"open","ping_status":"closed","template":"","meta":[],"product_brand":[],"product_cat":[152],"product_tag":[],"class_list":{"0":"post-6017","1":"product","2":"type-product","3":"status-publish","4":"has-post-thumbnail","6":"product_cat-cuidado-personal","8":"first","9":"instock","10":"shipping-taxable","11":"purchasable","12":"product-type-simple"},"_links":{"self":[{"href":"https:\/\/farmaciadagostino.com.ar\/sitio\/wp-json\/wp\/v2\/product\/6017","targetHints":{"allow":["GET"]}}],"collection":[{"href":"https:\/\/farmaciadagostino.com.ar\/sitio\/wp-json\/wp\/v2\/product"}],"about":[{"href":"https:\/\/farmaciadagostino.com.ar\/sitio\/wp-json\/wp\/v2\/types\/product"}],"replies":[{"embeddable":true,"href":"https:\/\/farmaciadagostino.com.ar\/sitio\/wp-json\/wp\/v2\/comments?post=6017"}],"wp:featuredmedia":[{"embeddable":true,"href":"https:\/\/farmaciadagostino.com.ar\/sitio\/wp-json\/wp\/v2\/media\/3264"}],"wp:attachment":[{"href":"https:\/\/farmaciadagostino.com.ar\/sitio\/wp-json\/wp\/v2\/media?parent=6017"}],"wp:term":[{"taxonomy":"product_brand","embeddable":true,"href":"https:\/\/farmaciadagostino.com.ar\/sitio\/wp-json\/wp\/v2\/product_brand?post=6017"},{"taxonomy":"product_cat","embeddable":true,"href":"https:\/\/farmaciadagostino.com.ar\/sitio\/wp-json\/wp\/v2\/product_cat?post=6017"},{"taxonomy":"product_tag","embeddable":true,"href":"https:\/\/farmaciadagostino.com.ar\/sitio\/wp-json\/wp\/v2\/product_tag?post=6017"}],"curies":[{"name":"wp","href":"https:\/\/api.w.org\/{rel}","templated":true}]}}