{"id":6058,"date":"2024-06-09T13:25:49","date_gmt":"2024-06-09T16:25:49","guid":{"rendered":"https:\/\/farmaciadagostino.com.ar\/sitio\/producto\/capilatis-acondicionador-ortiga-x410-ml\/"},"modified":"2026-03-09T10:25:21","modified_gmt":"2026-03-09T13:25:21","slug":"capilatis-acondicionador-ortiga-x410-ml","status":"publish","type":"product","link":"https:\/\/farmaciadagostino.com.ar\/sitio\/producto\/capilatis-acondicionador-ortiga-x410-ml\/","title":{"rendered":"Capilatis Enjuague Tratante Ortiga 410 ml"},"content":{"rendered":"<p>Ortiga de Capilatis es la soluci\u00f3n para la ca\u00edda del cabello Capilatis Ortiga es la l\u00ednea m\u00e1s completa y eficaz para evitar la ca\u00edda del cabello. Los componentes naturales de la Ortiga fortalecen la fibra capilar, tonifican el cuero cabelludo y contribuyen a la oxigenaci\u00f3n del bulbo capilar, deteniendo as\u00ed la ca\u00edda del cabello. Ayuda a prevenir la ca\u00edda prematura del cabello, acondiciona y facilita el peinado. Contiene principios activos de alto valor nutritivo que contrarrestan la fragilidad de los cabellos, aumentando su elasticidad y mejorando su apariencia. Provee suavidad inmediata, hidrata y aporta excelente brillo. Estimula la circulaci\u00f3n sangu\u00ednea y fortalece la fibra capilar, deteniendo as\u00ed la ca\u00edda del cabello. El Aloe Vera tiene propiedades emolientes y humectantes, reestableciendo el equilibrio h\u00eddrico normal en los cabellos secos.<\/p>\n<h5>Beneficios:<\/h5>\n<p>Estimula la circulaci\u00f3n sangu\u00ednea y fortalece la fibra capilar, deteniendo as\u00ed la ca\u00edda del cabello. El Aloe Vera tiene propiedades emolientes y humectantes, reestableciendo el equilibrio h\u00eddrico normal en los cabellos secos.<\/p>\n<h5>Modo de uso:<\/h5>\n<p>Aplicar 3 veces por semana durante 3 meses realizando masajes capilares.<\/p>\n","protected":false},"excerpt":{"rendered":"<p>Ortiga de Capilatis es la soluci\u00f3n para la ca\u00edda del cabello Capilatis Ortiga es la l\u00ednea m\u00e1s completa y eficaz para evitar la ca\u00edda del cabello<\/p>\n","protected":false},"featured_media":3588,"comment_status":"open","ping_status":"closed","template":"","meta":[],"product_brand":[],"product_cat":[237,152],"product_tag":[],"class_list":{"0":"post-6058","1":"product","2":"type-product","3":"status-publish","4":"has-post-thumbnail","6":"product_cat-belleza","7":"product_cat-cuidado-personal","9":"first","10":"instock","11":"shipping-taxable","12":"purchasable","13":"product-type-simple"},"_links":{"self":[{"href":"https:\/\/farmaciadagostino.com.ar\/sitio\/wp-json\/wp\/v2\/product\/6058","targetHints":{"allow":["GET"]}}],"collection":[{"href":"https:\/\/farmaciadagostino.com.ar\/sitio\/wp-json\/wp\/v2\/product"}],"about":[{"href":"https:\/\/farmaciadagostino.com.ar\/sitio\/wp-json\/wp\/v2\/types\/product"}],"replies":[{"embeddable":true,"href":"https:\/\/farmaciadagostino.com.ar\/sitio\/wp-json\/wp\/v2\/comments?post=6058"}],"wp:featuredmedia":[{"embeddable":true,"href":"https:\/\/farmaciadagostino.com.ar\/sitio\/wp-json\/wp\/v2\/media\/3588"}],"wp:attachment":[{"href":"https:\/\/farmaciadagostino.com.ar\/sitio\/wp-json\/wp\/v2\/media?parent=6058"}],"wp:term":[{"taxonomy":"product_brand","embeddable":true,"href":"https:\/\/farmaciadagostino.com.ar\/sitio\/wp-json\/wp\/v2\/product_brand?post=6058"},{"taxonomy":"product_cat","embeddable":true,"href":"https:\/\/farmaciadagostino.com.ar\/sitio\/wp-json\/wp\/v2\/product_cat?post=6058"},{"taxonomy":"product_tag","embeddable":true,"href":"https:\/\/farmaciadagostino.com.ar\/sitio\/wp-json\/wp\/v2\/product_tag?post=6058"}],"curies":[{"name":"wp","href":"https:\/\/api.w.org\/{rel}","templated":true}]}}

<p>Ortiga de Capilatis es la solución para la caída del cabello Capilatis Ortiga es la línea más completa y eficaz para evitar la caída del cabello. Los componentes naturales de la Ortiga fortalecen la fibra capilar, tonifican el cuero cabelludo y contribuyen a la oxigenación del bulbo capilar, deteniendo así la caída del cabello. Ayuda a prevenir la caída prematura del cabello, acondiciona y facilita el peinado. Contiene principios activos de alto valor nutritivo que contrarrestan la fragilidad de los cabellos, aumentando su elasticidad y mejorando su apariencia. Provee suavidad inmediata, hidrata y aporta excelente brillo. Estimula la circulación sanguínea y fortalece la fibra capilar, deteniendo así la caída del cabello. El Aloe Vera tiene propiedades emolientes y humectantes, reestableciendo el equilibrio hídrico normal en los cabellos secos.</p>
<h5>Beneficios:</h5>
<p>Estimula la circulación sanguínea y fortalece la fibra capilar, deteniendo así la caída del cabello. El Aloe Vera tiene propiedades emolientes y humectantes, reestableciendo el equilibrio hídrico normal en los cabellos secos.</p>
<h5>Modo de uso:</h5>
<p>Aplicar 3 veces por semana durante 3 meses realizando masajes capilares.</p>

<p>Ortiga de Capilatis es la solución para la caída del cabello Capilatis Ortiga es la línea más completa y eficaz para evitar la caída del cabello</p>
