{"id":6060,"date":"2024-06-09T13:25:49","date_gmt":"2024-06-09T16:25:49","guid":{"rendered":"https:\/\/farmaciadagostino.com.ar\/sitio\/producto\/102-suplemento-dietario-multivitaminico-mujer-30-capsulas\/"},"modified":"2026-03-09T10:18:06","modified_gmt":"2026-03-09T13:18:06","slug":"102-suplemento-dietario-multivitaminico-mujer-30-capsulas","status":"publish","type":"product","link":"https:\/\/farmaciadagostino.com.ar\/sitio\/producto\/102-suplemento-dietario-multivitaminico-mujer-30-capsulas\/","title":{"rendered":"Vitaminas Y Minerales 102 A\u00f1os Mujer Por 30 capsulas"},"content":{"rendered":"<p>Vitaminas, Minerales y Energizante Naturales espec\u00edficamente combinados para mantener el rendimiento de la mujer, en las exigencias de la vida diaria. Un suplemento dietario con una f\u00f3rmula exclusiva. Vitamina E, Biotina y Zinc: Antioxidantes para tu pelo, piel y u\u00f1as. Col\u00e1geno Hidrolizado: Prote\u00edna de sost\u00e9n que ayuda a mejorar las imperfecciones de la piel y potencia el crecimiento del pelo y las u\u00f1as. Vitaminas B (B1, B2, B3, B5, B6, B12) que colaboran en la transformaci\u00f3n de glucosa en energ\u00eda. Ginseng y Guaran\u00e1: Energizante naturales. &#8211; EPA y DHA: Salud para tu coraz\u00f3n y tu cerebro (m\u00e1s memoria, concentraci\u00f3n y atenci\u00f3n). &#8211; Calcio y Vitamina D: Salud para los huesos. &#8211; Hierro y \u00c1cido F\u00f3lico: Refuerzos especiales por las p\u00e9rdidas peri\u00f3dicas de sangre (ciclo menstrual). Se recomienda tomar 1 c\u00e1psulas por d\u00eda, preferentemente por la ma\u00f1ana.<\/p>\n","protected":false},"excerpt":{"rendered":"<p>Vitaminas, Minerales y Energizante Naturales espec\u00edficamente combinados para mantener el rendimiento de la mujer, en las exigencias de la vida diaria<\/p>\n","protected":false},"featured_media":3542,"comment_status":"open","ping_status":"closed","template":"","meta":[],"product_brand":[],"product_cat":[149],"product_tag":[],"class_list":{"0":"post-6060","1":"product","2":"type-product","3":"status-publish","4":"has-post-thumbnail","6":"product_cat-farmacia","8":"first","9":"instock","10":"shipping-taxable","11":"purchasable","12":"product-type-simple"},"_links":{"self":[{"href":"https:\/\/farmaciadagostino.com.ar\/sitio\/wp-json\/wp\/v2\/product\/6060","targetHints":{"allow":["GET"]}}],"collection":[{"href":"https:\/\/farmaciadagostino.com.ar\/sitio\/wp-json\/wp\/v2\/product"}],"about":[{"href":"https:\/\/farmaciadagostino.com.ar\/sitio\/wp-json\/wp\/v2\/types\/product"}],"replies":[{"embeddable":true,"href":"https:\/\/farmaciadagostino.com.ar\/sitio\/wp-json\/wp\/v2\/comments?post=6060"}],"wp:featuredmedia":[{"embeddable":true,"href":"https:\/\/farmaciadagostino.com.ar\/sitio\/wp-json\/wp\/v2\/media\/3542"}],"wp:attachment":[{"href":"https:\/\/farmaciadagostino.com.ar\/sitio\/wp-json\/wp\/v2\/media?parent=6060"}],"wp:term":[{"taxonomy":"product_brand","embeddable":true,"href":"https:\/\/farmaciadagostino.com.ar\/sitio\/wp-json\/wp\/v2\/product_brand?post=6060"},{"taxonomy":"product_cat","embeddable":true,"href":"https:\/\/farmaciadagostino.com.ar\/sitio\/wp-json\/wp\/v2\/product_cat?post=6060"},{"taxonomy":"product_tag","embeddable":true,"href":"https:\/\/farmaciadagostino.com.ar\/sitio\/wp-json\/wp\/v2\/product_tag?post=6060"}],"curies":[{"name":"wp","href":"https:\/\/api.w.org\/{rel}","templated":true}]}}