{"id":6080,"date":"2024-06-09T13:25:51","date_gmt":"2024-06-09T16:25:51","guid":{"rendered":"https:\/\/farmaciadagostino.com.ar\/sitio\/producto\/johnson-baby-aceite-para-bebe-x100-ml\/"},"modified":"2026-03-09T10:25:22","modified_gmt":"2026-03-09T13:25:22","slug":"johnson-baby-aceite-para-bebe-x100-ml","status":"publish","type":"product","link":"https:\/\/farmaciadagostino.com.ar\/sitio\/producto\/johnson-baby-aceite-para-bebe-x100-ml\/","title":{"rendered":"JOHNSON BABY ACEITE PARA BEB\u00c9 x100 ml"},"content":{"rendered":"<p>Es ideal para masajear al beb\u00e9, ayudando a remover costras y durezas de la cabecita y orejitas, adem\u00e1s de ayudar a prevenir irritaciones.<br \/>\nModo Uso.<br \/>\nAplic\u00e1 el aceite para beb\u00e9 JOHNSON\u2019S\u00ae baby Puro sobre la piel de tu beb\u00e9 realizando un masaje con movimientos circulares suaves en la regi\u00f3n del t\u00f3rax y de la panza.<\/p>\n","protected":false},"excerpt":{"rendered":"<p>El aceite para beb\u00e9 JOHNSON\u2019S\u00ae baby Puro hidrata y suaviza la piel, suavizando las partes \u00e1speras y resecas del cuerpo.<\/p>\n","protected":false},"featured_media":3217,"comment_status":"open","ping_status":"closed","template":"","meta":[],"product_brand":[],"product_cat":[177],"product_tag":[],"class_list":{"0":"post-6080","1":"product","2":"type-product","3":"status-publish","4":"has-post-thumbnail","6":"product_cat-bebe-maternidad","8":"first","9":"instock","10":"shipping-taxable","11":"purchasable","12":"product-type-simple"},"_links":{"self":[{"href":"https:\/\/farmaciadagostino.com.ar\/sitio\/wp-json\/wp\/v2\/product\/6080","targetHints":{"allow":["GET"]}}],"collection":[{"href":"https:\/\/farmaciadagostino.com.ar\/sitio\/wp-json\/wp\/v2\/product"}],"about":[{"href":"https:\/\/farmaciadagostino.com.ar\/sitio\/wp-json\/wp\/v2\/types\/product"}],"replies":[{"embeddable":true,"href":"https:\/\/farmaciadagostino.com.ar\/sitio\/wp-json\/wp\/v2\/comments?post=6080"}],"wp:featuredmedia":[{"embeddable":true,"href":"https:\/\/farmaciadagostino.com.ar\/sitio\/wp-json\/wp\/v2\/media\/3217"}],"wp:attachment":[{"href":"https:\/\/farmaciadagostino.com.ar\/sitio\/wp-json\/wp\/v2\/media?parent=6080"}],"wp:term":[{"taxonomy":"product_brand","embeddable":true,"href":"https:\/\/farmaciadagostino.com.ar\/sitio\/wp-json\/wp\/v2\/product_brand?post=6080"},{"taxonomy":"product_cat","embeddable":true,"href":"https:\/\/farmaciadagostino.com.ar\/sitio\/wp-json\/wp\/v2\/product_cat?post=6080"},{"taxonomy":"product_tag","embeddable":true,"href":"https:\/\/farmaciadagostino.com.ar\/sitio\/wp-json\/wp\/v2\/product_tag?post=6080"}],"curies":[{"name":"wp","href":"https:\/\/api.w.org\/{rel}","templated":true}]}}