{"id":6100,"date":"2024-06-09T13:25:54","date_gmt":"2024-06-09T16:25:54","guid":{"rendered":"https:\/\/farmaciadagostino.com.ar\/sitio\/producto\/nivea-luminous-crema-anti-mancha-noche-x50-ml\/"},"modified":"2026-03-09T10:18:07","modified_gmt":"2026-03-09T13:18:07","slug":"nivea-luminous-crema-anti-mancha-noche-x50-ml","status":"publish","type":"product","link":"https:\/\/farmaciadagostino.com.ar\/sitio\/producto\/nivea-luminous-crema-anti-mancha-noche-x50-ml\/","title":{"rendered":"Nivea Crema Antimanchas Noche Luminous 630 Todo Tipo de Piel 50 ml"},"content":{"rendered":"<p>La Crema antimanchas de noche NIVEA Luminous630 reduce visiblemente las manchas, consiguiendo una piel fresca y revitalizada cada ma\u00f1ana. Su f\u00f3rmula combina dos ingredientes: Luminous630 para evitar la sobreproducci\u00f3n de melanina, logrando un tono de piel uniforme; y \u00c1cido Hialur\u00f3nico para hidratar y disminuir los signos de envejecimiento. Es adecuada para todo tipo de piel.<\/p>\n<h5>Beneficios:<\/h5>\n<p>&#8211; Reduce las manchas causadas por el sol, el envejecimiento y los factores hormonales.<\/p>\n<p>&#8211; Unifica el tono de la piel.<\/p>\n<p>&#8211; Aporta luminosidad al rostro.<\/p>\n<p>&#8211; Previene el envejecimiento.<\/p>\n<p>&#8211; Apto para todo tipo de piel.<\/p>\n<h5>Composici\u00f3n:<\/h5>\n<p>Aqua, Glycerin, Isopropyl Palmitate, Caprylic\/Capric Triglyceride, Methylpropanediol, Cocoglycerides, Cetearyl Alcohol, Cetyl Palmitate, Distarch Phosphate, Glyceryl Stearate, Dimethicone, Butyrospermum Parkii Butter, Isobutylamido Thiazolyl Resorcinol, Sodium Hyaluronate, Creatine, 1-Methylhydantoin-2-Imide, Ethylhexylglycerin, Sodium Stearoyl Glutamate, Carrageenan, Xanthan Gum, Sodium Chloride, Trisodium EDTA, Sodium Hydroxide, Phenoxyethanol, Parfum.<\/p>\n<h5>Propiedades:<\/h5>\n<p>Sin parabenos, sin sal. No testeado en animales.<\/p>\n<h5>Modo de Uso:<\/h5>\n<p>1) Limpiar el rostro.<\/p>\n<p>2) Aplicar NIVEA Luminous630 Crema antimanchas de noche sobre el rostro, cuello y escote.<\/p>\n<p>3) Masajear suavemente.<\/p>\n<p>4) Para un mejor resultado, se recomienda colocar despu\u00e9s del s\u00e9rum antimanchas NIVEA Luminous630.<\/p>\n<p>5) Usar protecci\u00f3n solar durante el d\u00eda.<\/p>\n<p>RECOMENDACI\u00d3N: Aplicar los productos con Luminous630 como m\u00e1ximo 4 veces al d\u00eda. Evitar el contacto directo con los ojos.<\/p>\n","protected":false},"excerpt":{"rendered":"<p>La Crema antimanchas de noche NIVEA Luminous630 reduce visiblemente las manchas, consiguiendo una piel fresca y revitalizada cada ma\u00f1ana<\/p>\n","protected":false},"featured_media":3036,"comment_status":"open","ping_status":"closed","template":"","meta":[],"product_brand":[],"product_cat":[237,162],"product_tag":[],"class_list":{"0":"post-6100","1":"product","2":"type-product","3":"status-publish","4":"has-post-thumbnail","6":"product_cat-belleza","7":"product_cat-dermocosmetica","9":"first","10":"instock","11":"shipping-taxable","12":"purchasable","13":"product-type-simple"},"_links":{"self":[{"href":"https:\/\/farmaciadagostino.com.ar\/sitio\/wp-json\/wp\/v2\/product\/6100","targetHints":{"allow":["GET"]}}],"collection":[{"href":"https:\/\/farmaciadagostino.com.ar\/sitio\/wp-json\/wp\/v2\/product"}],"about":[{"href":"https:\/\/farmaciadagostino.com.ar\/sitio\/wp-json\/wp\/v2\/types\/product"}],"replies":[{"embeddable":true,"href":"https:\/\/farmaciadagostino.com.ar\/sitio\/wp-json\/wp\/v2\/comments?post=6100"}],"wp:featuredmedia":[{"embeddable":true,"href":"https:\/\/farmaciadagostino.com.ar\/sitio\/wp-json\/wp\/v2\/media\/3036"}],"wp:attachment":[{"href":"https:\/\/farmaciadagostino.com.ar\/sitio\/wp-json\/wp\/v2\/media?parent=6100"}],"wp:term":[{"taxonomy":"product_brand","embeddable":true,"href":"https:\/\/farmaciadagostino.com.ar\/sitio\/wp-json\/wp\/v2\/product_brand?post=6100"},{"taxonomy":"product_cat","embeddable":true,"href":"https:\/\/farmaciadagostino.com.ar\/sitio\/wp-json\/wp\/v2\/product_cat?post=6100"},{"taxonomy":"product_tag","embeddable":true,"href":"https:\/\/farmaciadagostino.com.ar\/sitio\/wp-json\/wp\/v2\/product_tag?post=6100"}],"curies":[{"name":"wp","href":"https:\/\/api.w.org\/{rel}","templated":true}]}}