{"id":6164,"date":"2024-06-09T13:26:05","date_gmt":"2024-06-09T16:26:05","guid":{"rendered":"https:\/\/farmaciadagostino.com.ar\/sitio\/producto\/bagovit-a-shampoo-color-radiante-x350-gr\/"},"modified":"2026-03-09T10:09:54","modified_gmt":"2026-03-09T13:09:54","slug":"bagovit-a-shampoo-color-radiante-x350-gr","status":"publish","type":"product","link":"https:\/\/farmaciadagostino.com.ar\/sitio\/producto\/bagovit-a-shampoo-color-radiante-x350-gr\/","title":{"rendered":"Bagovit Capilar Shampoo Color Radiante 350 ml"},"content":{"rendered":"<h5>Descripci\u00f3n<\/h5>\n<p>El Shampoo Color Radiante Bag\u00f3vit contiene Pura Vitamina A, combinada con Keratina Vegetal, que ayuda a sellar las fibras capilares y a controlar el encrespamiento del cabello. Adem\u00e1s, su f\u00f3rmula con Bayas de Goji, reactiva la belleza del pelo da\u00f1ado, aumentando su espesor y suavidad. Genera un sellado duradero, manteniendo los colorantes en la fibra. El resultado es un color protegido y de mayor duraci\u00f3n hasta por 45 lavados. Prolonga el brillo, la suavidad y la nutrici\u00f3n.<\/p>\n<h5>Beneficios<\/h5>\n<p>&#8211; Pura Vitamina A.<br \/>\n&#8211; Keratina Vegetal: ayuda a sellar las fibras capilares y a controlar el encrespamiento del cabello.<br \/>\n&#8211; Bayas de Goji: reactiva la belleza del pelo da\u00f1ado, aumentando su espesor y suavidad<br \/>\n&#8211; Color protegido y de mayor duraci\u00f3n hasta por 45 lavados.<br \/>\n&#8211; Brillo, suavidad y nutrici\u00f3n.<\/p>\n<h5>Modo de uso<\/h5>\n<p>Aplicar sobre el cabello h\u00famedo. Masajear suavemente y enjuagar. Para un cabello con color m\u00e1s marcado y protegido utiliza los otros productos de la l\u00ednea Bag\u00f3vit Color Radiante. Para uso diario.<\/p>\n<h5>Ingredientes<\/h5>\n<p>Vitamina A, Keratina Vegetal, Bayas de Goji<\/p>\n","protected":false},"excerpt":{"rendered":"<p>Descripci\u00f3nEl Shampoo Color Radiante Bag\u00f3vit contiene Pura Vitamina A, combinada con Keratina Vegetal, que ayuda a sellar las fibras capilares y a controlar el encrespamiento del cabello<\/p>\n","protected":false},"featured_media":3301,"comment_status":"open","ping_status":"closed","template":"","meta":[],"product_brand":[],"product_cat":[237,162],"product_tag":[],"class_list":{"0":"post-6164","1":"product","2":"type-product","3":"status-publish","4":"has-post-thumbnail","6":"product_cat-belleza","7":"product_cat-dermocosmetica","9":"first","10":"instock","11":"shipping-taxable","12":"purchasable","13":"product-type-simple"},"_links":{"self":[{"href":"https:\/\/farmaciadagostino.com.ar\/sitio\/wp-json\/wp\/v2\/product\/6164","targetHints":{"allow":["GET"]}}],"collection":[{"href":"https:\/\/farmaciadagostino.com.ar\/sitio\/wp-json\/wp\/v2\/product"}],"about":[{"href":"https:\/\/farmaciadagostino.com.ar\/sitio\/wp-json\/wp\/v2\/types\/product"}],"replies":[{"embeddable":true,"href":"https:\/\/farmaciadagostino.com.ar\/sitio\/wp-json\/wp\/v2\/comments?post=6164"}],"wp:featuredmedia":[{"embeddable":true,"href":"https:\/\/farmaciadagostino.com.ar\/sitio\/wp-json\/wp\/v2\/media\/3301"}],"wp:attachment":[{"href":"https:\/\/farmaciadagostino.com.ar\/sitio\/wp-json\/wp\/v2\/media?parent=6164"}],"wp:term":[{"taxonomy":"product_brand","embeddable":true,"href":"https:\/\/farmaciadagostino.com.ar\/sitio\/wp-json\/wp\/v2\/product_brand?post=6164"},{"taxonomy":"product_cat","embeddable":true,"href":"https:\/\/farmaciadagostino.com.ar\/sitio\/wp-json\/wp\/v2\/product_cat?post=6164"},{"taxonomy":"product_tag","embeddable":true,"href":"https:\/\/farmaciadagostino.com.ar\/sitio\/wp-json\/wp\/v2\/product_tag?post=6164"}],"curies":[{"name":"wp","href":"https:\/\/api.w.org\/{rel}","templated":true}]}}