{"id":6166,"date":"2024-06-09T13:26:06","date_gmt":"2024-06-09T16:26:06","guid":{"rendered":"https:\/\/farmaciadagostino.com.ar\/sitio\/producto\/bagovit-a-shampoo-brillo-sublime-x350-gr\/"},"modified":"2026-03-09T10:25:22","modified_gmt":"2026-03-09T13:25:22","slug":"bagovit-a-shampoo-brillo-sublime-x350-gr","status":"publish","type":"product","link":"https:\/\/farmaciadagostino.com.ar\/sitio\/producto\/bagovit-a-shampoo-brillo-sublime-x350-gr\/","title":{"rendered":"Bagovit Capilar Shampoo Brillo Luminoso 350 ml"},"content":{"rendered":"<h5>Descripci\u00f3n<\/h5>\n<p>El Shampoo Brillo Luminoso Bag\u00f3vit deja tu pelo 3 veces m\u00e1s brillante y sedoso desde el primer uso. Su f\u00f3rmula combina Pura Vitamina A con Agua de Rosas, hidratando el cabello en toda su extensi\u00f3n y logrando un brillo so\u00f1ado. Adem\u00e1s, contiene Aceite de Baobab, que estimula la regeneraci\u00f3n de las c\u00e9lulas, aporta brillo y protege del encrespamiento.<\/p>\n<h5>Beneficios<\/h5>\n<p>&#8211; Pura Vitamina A.<br \/>\n&#8211; Agua de Rosas: hidrata el cabello y logra un brillo so\u00f1ado.<br \/>\n&#8211; Aceite de Baobab: estimula la regeneraci\u00f3n de las c\u00e9lulas y protege del encrespamiento.<br \/>\n&#8211; Tu pelo 3 veces m\u00e1s brillante y sedoso desde el primer uso.<br \/>\n&#8211; Brillo de larga duraci\u00f3n e inmediato.<\/p>\n<h5>Modo de uso<\/h5>\n<p>Aplicar sobre el cabello h\u00famedo. Masajear suavemente y enjuagar. Para un cabello m\u00e1s luminoso y protegido utiliza los otros productos de la l\u00ednea Bag\u00f3vit Brillo Luminoso. Para uso diario.<\/p>\n<h5>Ingredientes<\/h5>\n<p>Vitamina A, Agua de Rosas, Aceite de Baobab <\/p>\n","protected":false},"excerpt":{"rendered":"<p>Descripci\u00f3nEl Shampoo Brillo Luminoso Bag\u00f3vit deja tu pelo 3 veces m\u00e1s brillante y sedoso desde el primer uso<\/p>\n","protected":false},"featured_media":3300,"comment_status":"open","ping_status":"closed","template":"","meta":[],"product_brand":[],"product_cat":[237,162],"product_tag":[],"class_list":{"0":"post-6166","1":"product","2":"type-product","3":"status-publish","4":"has-post-thumbnail","6":"product_cat-belleza","7":"product_cat-dermocosmetica","9":"first","10":"instock","11":"shipping-taxable","12":"purchasable","13":"product-type-simple"},"_links":{"self":[{"href":"https:\/\/farmaciadagostino.com.ar\/sitio\/wp-json\/wp\/v2\/product\/6166","targetHints":{"allow":["GET"]}}],"collection":[{"href":"https:\/\/farmaciadagostino.com.ar\/sitio\/wp-json\/wp\/v2\/product"}],"about":[{"href":"https:\/\/farmaciadagostino.com.ar\/sitio\/wp-json\/wp\/v2\/types\/product"}],"replies":[{"embeddable":true,"href":"https:\/\/farmaciadagostino.com.ar\/sitio\/wp-json\/wp\/v2\/comments?post=6166"}],"wp:featuredmedia":[{"embeddable":true,"href":"https:\/\/farmaciadagostino.com.ar\/sitio\/wp-json\/wp\/v2\/media\/3300"}],"wp:attachment":[{"href":"https:\/\/farmaciadagostino.com.ar\/sitio\/wp-json\/wp\/v2\/media?parent=6166"}],"wp:term":[{"taxonomy":"product_brand","embeddable":true,"href":"https:\/\/farmaciadagostino.com.ar\/sitio\/wp-json\/wp\/v2\/product_brand?post=6166"},{"taxonomy":"product_cat","embeddable":true,"href":"https:\/\/farmaciadagostino.com.ar\/sitio\/wp-json\/wp\/v2\/product_cat?post=6166"},{"taxonomy":"product_tag","embeddable":true,"href":"https:\/\/farmaciadagostino.com.ar\/sitio\/wp-json\/wp\/v2\/product_tag?post=6166"}],"curies":[{"name":"wp","href":"https:\/\/api.w.org\/{rel}","templated":true}]}}