{"id":6249,"date":"2024-06-09T13:26:23","date_gmt":"2024-06-09T16:26:23","guid":{"rendered":"https:\/\/farmaciadagostino.com.ar\/sitio\/producto\/acf-by-dadatina-serum-humectante-vol-1-30-ml\/"},"modified":"2026-03-09T10:18:08","modified_gmt":"2026-03-09T13:18:08","slug":"acf-by-dadatina-serum-humectante-vol-1-30-ml","status":"publish","type":"product","link":"https:\/\/farmaciadagostino.com.ar\/sitio\/producto\/acf-by-dadatina-serum-humectante-vol-1-30-ml\/","title":{"rendered":"ACF BY DADATINA SERUM HUMECTANTE VOL 1 30 ML"},"content":{"rendered":"<p>SERUM VOL.1: BALANCE ACF by DADATINA<br \/>\nSerum exclusivo de ACF formulado con colaboraci\u00f3n de @soydadatina.<br \/>\nOtorga balance y humectaci\u00f3n a la piel, reduciendo la inflamaci\u00f3n y\/o enrojecimiento de la misma. Ayuda a controlar el acn\u00e9 y brinda luminosidad.<br \/>\nPRINCIPIOS ACTIVOS<br \/>\nNIACINAMIDA 10%: una vitamina (B3) que ayuda a minimizar los poros dilatados, mejora el tono de la piel, aten\u00faa rojeces, suaviza arrugas y l\u00edneas de expresi\u00f3n y le da iluminaci\u00f3n a la piel.<br \/>\nOLIGOELEMENTOS DE ZINC: Antioxidante, calmante de la piel. Regula el sebo y controla la aparici\u00f3n de acn\u00e9.<br \/>\n\u00c1CIDO HIALUR\u00d3NICO: Reduce la apariencia de arrugas finas, humecta la piel y suaviza su textura.<br \/>\nGLICERINA: Humectante, atrae la humedad externa y previene la resequedad de la piel protegi\u00e9ndola de da\u00f1os externos.<br \/>\nMODO DE USO:<br \/>\nSERUM VOL.1: BALANCE: colocar 3 a 4 gotas en rostro y cuello despu\u00e9s de la limpieza y presionar suavemente con las manos para que se absorba. Continuar la rutina aplicando una crema de d\u00eda\/noche.<br \/>\nRECOMENDACIONES: Mantener a temperatura ambiente, puede ser utilizado de d\u00eda y de noche. Apto todo tipo de piel.<\/p>\n","protected":false},"excerpt":{"rendered":"<p>Otorga balance, luminosidad y humectaci\u00f3n a la piel.<\/p>\n","protected":false},"featured_media":4063,"comment_status":"open","ping_status":"closed","template":"","meta":[],"product_brand":[],"product_cat":[237,162],"product_tag":[],"class_list":{"0":"post-6249","1":"product","2":"type-product","3":"status-publish","4":"has-post-thumbnail","6":"product_cat-belleza","7":"product_cat-dermocosmetica","9":"first","10":"instock","11":"shipping-taxable","12":"purchasable","13":"product-type-simple"},"_links":{"self":[{"href":"https:\/\/farmaciadagostino.com.ar\/sitio\/wp-json\/wp\/v2\/product\/6249","targetHints":{"allow":["GET"]}}],"collection":[{"href":"https:\/\/farmaciadagostino.com.ar\/sitio\/wp-json\/wp\/v2\/product"}],"about":[{"href":"https:\/\/farmaciadagostino.com.ar\/sitio\/wp-json\/wp\/v2\/types\/product"}],"replies":[{"embeddable":true,"href":"https:\/\/farmaciadagostino.com.ar\/sitio\/wp-json\/wp\/v2\/comments?post=6249"}],"wp:featuredmedia":[{"embeddable":true,"href":"https:\/\/farmaciadagostino.com.ar\/sitio\/wp-json\/wp\/v2\/media\/4063"}],"wp:attachment":[{"href":"https:\/\/farmaciadagostino.com.ar\/sitio\/wp-json\/wp\/v2\/media?parent=6249"}],"wp:term":[{"taxonomy":"product_brand","embeddable":true,"href":"https:\/\/farmaciadagostino.com.ar\/sitio\/wp-json\/wp\/v2\/product_brand?post=6249"},{"taxonomy":"product_cat","embeddable":true,"href":"https:\/\/farmaciadagostino.com.ar\/sitio\/wp-json\/wp\/v2\/product_cat?post=6249"},{"taxonomy":"product_tag","embeddable":true,"href":"https:\/\/farmaciadagostino.com.ar\/sitio\/wp-json\/wp\/v2\/product_tag?post=6249"}],"curies":[{"name":"wp","href":"https:\/\/api.w.org\/{rel}","templated":true}]}}