{"id":6254,"date":"2024-06-09T13:26:24","date_gmt":"2024-06-09T16:26:24","guid":{"rendered":"https:\/\/farmaciadagostino.com.ar\/sitio\/producto\/cicatricure-gel-para-cicatrices-y-estrias-x30-ml\/"},"modified":"2026-03-09T10:18:08","modified_gmt":"2026-03-09T13:18:08","slug":"cicatricure-gel-para-cicatrices-y-estrias-x30-ml","status":"publish","type":"product","link":"https:\/\/farmaciadagostino.com.ar\/sitio\/producto\/cicatricure-gel-para-cicatrices-y-estrias-x30-ml\/","title":{"rendered":"CICATRICURE GEL PARA CICATRICES Y ESTR\u00cdAS x30 ml"},"content":{"rendered":"<p>\u2022 CICATRICES Ayuda a disminuir el tama\u00f1o y a mejorar la textura y la coloraci\u00f3n de la piel con cicatrices<br \/>\n\u2022 ESTRIAS Ayuda a prevenir y reparar estr\u00edas causados por embarazo, cambios bruscos de peso o crecimiento abrupto durante la adolescencia<br \/>\n\u2022 REGENERE COMPLEX Acci\u00f3n regeneradora y reparadora<br \/>\n\u2022 ALISA y mejora visiblemente el tama\u00f1o, la textura y el color de las estr\u00edas y cicatrices. Ideal para usar en cualquier parte del cuerpo. Indicado para estrpias y cicatrices no queloides menoes a 1 a\u00f1o<br \/>\n\u2022 APLICACI\u00d3N DIARIA Utilice cicatricure gel tan pronto como la cicatriz est\u00e9 formada. Aplique el producto sobre la zona a tratar generosamente 4 veces al d\u00eda. Para estrias aplique generosamente 3 veces por d\u00eda.<\/p>\n","protected":false},"excerpt":{"rendered":"<p>Gel formulado para aplicar en estrias y cicatrices de cirug\u00edas, cortaduras, rasgu\u00f1os, quemaduras y acn\u00e9. Ayuda a disminuir el tama\u00f1o y a mejorar la textura y coloraci\u00f3n de la piel con cicatrices.<\/p>\n","protected":false},"featured_media":4147,"comment_status":"open","ping_status":"closed","template":"","meta":[],"product_brand":[],"product_cat":[237,162],"product_tag":[],"class_list":{"0":"post-6254","1":"product","2":"type-product","3":"status-publish","4":"has-post-thumbnail","6":"product_cat-belleza","7":"product_cat-dermocosmetica","9":"first","10":"instock","11":"shipping-taxable","12":"purchasable","13":"product-type-simple"},"_links":{"self":[{"href":"https:\/\/farmaciadagostino.com.ar\/sitio\/wp-json\/wp\/v2\/product\/6254","targetHints":{"allow":["GET"]}}],"collection":[{"href":"https:\/\/farmaciadagostino.com.ar\/sitio\/wp-json\/wp\/v2\/product"}],"about":[{"href":"https:\/\/farmaciadagostino.com.ar\/sitio\/wp-json\/wp\/v2\/types\/product"}],"replies":[{"embeddable":true,"href":"https:\/\/farmaciadagostino.com.ar\/sitio\/wp-json\/wp\/v2\/comments?post=6254"}],"wp:featuredmedia":[{"embeddable":true,"href":"https:\/\/farmaciadagostino.com.ar\/sitio\/wp-json\/wp\/v2\/media\/4147"}],"wp:attachment":[{"href":"https:\/\/farmaciadagostino.com.ar\/sitio\/wp-json\/wp\/v2\/media?parent=6254"}],"wp:term":[{"taxonomy":"product_brand","embeddable":true,"href":"https:\/\/farmaciadagostino.com.ar\/sitio\/wp-json\/wp\/v2\/product_brand?post=6254"},{"taxonomy":"product_cat","embeddable":true,"href":"https:\/\/farmaciadagostino.com.ar\/sitio\/wp-json\/wp\/v2\/product_cat?post=6254"},{"taxonomy":"product_tag","embeddable":true,"href":"https:\/\/farmaciadagostino.com.ar\/sitio\/wp-json\/wp\/v2\/product_tag?post=6254"}],"curies":[{"name":"wp","href":"https:\/\/api.w.org\/{rel}","templated":true}]}}