{"id":6283,"date":"2024-06-09T13:26:28","date_gmt":"2024-06-09T16:26:28","guid":{"rendered":"https:\/\/farmaciadagostino.com.ar\/sitio\/producto\/sedal-shampoo-hialuronico-vitamina-a-x340-ml\/"},"modified":"2026-03-09T10:25:23","modified_gmt":"2026-03-09T13:25:23","slug":"sedal-shampoo-hialuronico-vitamina-a-x340-ml","status":"publish","type":"product","link":"https:\/\/farmaciadagostino.com.ar\/sitio\/producto\/sedal-shampoo-hialuronico-vitamina-a-x340-ml\/","title":{"rendered":"SEDAL SHAMPOO HIALURONICO + VITAMINA A x340 ml"},"content":{"rendered":"<p>Descubr\u00ed los ingredientes expertos en el cuidado de la piel, \u00a1ahora en tu pelo! Nuestra exclusiva f\u00f3rmula combina \u00c1cido Hialur\u00f3nico y Vitamina A, para darle a tu cabello una hidrataci\u00f3n profunda que ayuda a combatir el frizz, logrando un lacio que se siente suave y saludable.<br \/>\nEl \u00c1cido Hialur\u00f3nico es conocido por aportar una hidrataci\u00f3n profunda. Mientras que la Vitamina A es conocido por promover la producci\u00f3n de col\u00e1geno, ayudando a mantener un cabello saludable. En un mundo vibrante y en constante cambio, podemos celebrar cada desaf\u00edo con un cabello protegido, reparado, fuerte y bien cuidado. Con d\u00e9cadas de experiencia en cada envase, pod\u00e9s contar con nosotros para lograr el objetivo en esta tarea. \u00a1Prob\u00e1 el nuevo shampoo Sedal \u00c1cido Hialur\u00f3nico + Vitamina A y not\u00e1 la diferencia!<br \/>\nModo de uso:<br \/>\nCol\u00f3calo en la mano, apl\u00edcalo sobre el cabello, masajea suavemente y luego enjuaga. No ingerir. Evite el contacto con los ojos. En caso de contacto accidental, enju\u00e1guelos con abundante agua fr\u00eda. Discontinuar el uso del champ\u00fa si aparecen s\u00edntomas de irritaci\u00f3n u otra reacci\u00f3n desfavorable. Este producto tiene la certificaci\u00f3n PETA: Globalmente Sedal no testea en animales.<\/p>\n","protected":false},"excerpt":{"rendered":"<p>Nuevo Shampoo Sedal \u00c1cido Hialur\u00f3nico + Vitamina A.<\/p>\n","protected":false},"featured_media":3403,"comment_status":"open","ping_status":"closed","template":"","meta":[],"product_brand":[],"product_cat":[237,152],"product_tag":[],"class_list":{"0":"post-6283","1":"product","2":"type-product","3":"status-publish","4":"has-post-thumbnail","6":"product_cat-belleza","7":"product_cat-cuidado-personal","9":"first","10":"instock","11":"shipping-taxable","12":"purchasable","13":"product-type-simple"},"_links":{"self":[{"href":"https:\/\/farmaciadagostino.com.ar\/sitio\/wp-json\/wp\/v2\/product\/6283","targetHints":{"allow":["GET"]}}],"collection":[{"href":"https:\/\/farmaciadagostino.com.ar\/sitio\/wp-json\/wp\/v2\/product"}],"about":[{"href":"https:\/\/farmaciadagostino.com.ar\/sitio\/wp-json\/wp\/v2\/types\/product"}],"replies":[{"embeddable":true,"href":"https:\/\/farmaciadagostino.com.ar\/sitio\/wp-json\/wp\/v2\/comments?post=6283"}],"wp:featuredmedia":[{"embeddable":true,"href":"https:\/\/farmaciadagostino.com.ar\/sitio\/wp-json\/wp\/v2\/media\/3403"}],"wp:attachment":[{"href":"https:\/\/farmaciadagostino.com.ar\/sitio\/wp-json\/wp\/v2\/media?parent=6283"}],"wp:term":[{"taxonomy":"product_brand","embeddable":true,"href":"https:\/\/farmaciadagostino.com.ar\/sitio\/wp-json\/wp\/v2\/product_brand?post=6283"},{"taxonomy":"product_cat","embeddable":true,"href":"https:\/\/farmaciadagostino.com.ar\/sitio\/wp-json\/wp\/v2\/product_cat?post=6283"},{"taxonomy":"product_tag","embeddable":true,"href":"https:\/\/farmaciadagostino.com.ar\/sitio\/wp-json\/wp\/v2\/product_tag?post=6283"}],"curies":[{"name":"wp","href":"https:\/\/api.w.org\/{rel}","templated":true}]}}