{"id":6312,"date":"2024-06-09T13:26:39","date_gmt":"2024-06-09T16:26:39","guid":{"rendered":"https:\/\/farmaciadagostino.com.ar\/sitio\/producto\/estrella-baby-panos-algodon-hidrofilo-x40-un\/"},"modified":"2026-03-09T10:18:09","modified_gmt":"2026-03-09T13:18:09","slug":"estrella-baby-panos-algodon-hidrofilo-x40-un","status":"publish","type":"product","link":"https:\/\/farmaciadagostino.com.ar\/sitio\/producto\/estrella-baby-panos-algodon-hidrofilo-x40-un\/","title":{"rendered":"ESTRELLA BABY PA\u00d1OS ALGOD\u00d3N HIDR\u00d3FILO x40 un."},"content":{"rendered":"<p>Los pa\u00f1os 100% puro algod\u00f3n Estrella Baby estan especialmente pensados para la higiene de tu bebe. Son suaves, absorbentes y resistentes.<\/p>\n","protected":false},"excerpt":{"rendered":"<p>40 pa\u00f1os de algod\u00f3n hidr\u00f3filo. Descartables, para la higiene del beb\u00e9<\/p>\n","protected":false},"featured_media":3230,"comment_status":"open","ping_status":"closed","template":"","meta":[],"product_brand":[],"product_cat":[152,149],"product_tag":[],"class_list":{"0":"post-6312","1":"product","2":"type-product","3":"status-publish","4":"has-post-thumbnail","6":"product_cat-cuidado-personal","7":"product_cat-farmacia","9":"first","10":"instock","11":"shipping-taxable","12":"purchasable","13":"product-type-simple"},"_links":{"self":[{"href":"https:\/\/farmaciadagostino.com.ar\/sitio\/wp-json\/wp\/v2\/product\/6312","targetHints":{"allow":["GET"]}}],"collection":[{"href":"https:\/\/farmaciadagostino.com.ar\/sitio\/wp-json\/wp\/v2\/product"}],"about":[{"href":"https:\/\/farmaciadagostino.com.ar\/sitio\/wp-json\/wp\/v2\/types\/product"}],"replies":[{"embeddable":true,"href":"https:\/\/farmaciadagostino.com.ar\/sitio\/wp-json\/wp\/v2\/comments?post=6312"}],"wp:featuredmedia":[{"embeddable":true,"href":"https:\/\/farmaciadagostino.com.ar\/sitio\/wp-json\/wp\/v2\/media\/3230"}],"wp:attachment":[{"href":"https:\/\/farmaciadagostino.com.ar\/sitio\/wp-json\/wp\/v2\/media?parent=6312"}],"wp:term":[{"taxonomy":"product_brand","embeddable":true,"href":"https:\/\/farmaciadagostino.com.ar\/sitio\/wp-json\/wp\/v2\/product_brand?post=6312"},{"taxonomy":"product_cat","embeddable":true,"href":"https:\/\/farmaciadagostino.com.ar\/sitio\/wp-json\/wp\/v2\/product_cat?post=6312"},{"taxonomy":"product_tag","embeddable":true,"href":"https:\/\/farmaciadagostino.com.ar\/sitio\/wp-json\/wp\/v2\/product_tag?post=6312"}],"curies":[{"name":"wp","href":"https:\/\/api.w.org\/{rel}","templated":true}]}}