{"id":6410,"date":"2024-06-09T13:27:00","date_gmt":"2024-06-09T16:27:00","guid":{"rendered":"https:\/\/farmaciadagostino.com.ar\/sitio\/producto\/dermaglos-protector-solar-facial-fps50-tono-claro-x50-gr\/"},"modified":"2026-03-09T10:10:01","modified_gmt":"2026-03-09T13:10:01","slug":"dermaglos-protector-solar-facial-fps50-tono-claro-x50-gr","status":"publish","type":"product","link":"https:\/\/farmaciadagostino.com.ar\/sitio\/producto\/dermaglos-protector-solar-facial-fps50-tono-claro-x50-gr\/","title":{"rendered":"Dermaglos Protector Solar Fps 50 facial Con Color Crema 50 gr"},"content":{"rendered":"<p>Un nuevo protector para la piel del rostro llega para sumarse a la l\u00ednea de protectores solares, el Protector Solar Dermagl\u00f3s FPS 50 facial con color que cuida la piel de tu cara de las agresiones del sol.<\/p>\n<h5>Beneficios:<\/h5>\n<p>Unifica el tono de la piel. Previene la aparici\u00f3n de manchas y arrugas. Hipoalerg\u00e9nico y no comedog\u00e9nico. Dermatol\u00f3gica y oftalmol\u00f3gicamente testeado. Resistente al agua Libre de gluten, apto para cel\u00edacos.<\/p>\n<h5>Modo de Uso:<\/h5>\n<p>Aplicar abundantemente en el rostro 30 (treinta) minutos antes de la exposici\u00f3n al sol. Reaplicar cada 2 horas y luego de sudoraci\u00f3n intensa, nadar o ba\u00f1arse y\/o secarse con toalla. Uso externo.<\/p>\n","protected":false},"excerpt":{"rendered":"<p>Un nuevo protector para la piel del rostro llega para sumarse a la l\u00ednea de protectores solares, el Protector Solar Dermagl\u00f3s FPS 50 facial con color que cuida la piel de tu cara de las agresiones del sol<\/p>\n","protected":false},"featured_media":3647,"comment_status":"open","ping_status":"closed","template":"","meta":[],"product_brand":[],"product_cat":[237,262,272,162,264],"product_tag":[],"class_list":{"0":"post-6410","1":"product","2":"type-product","3":"status-publish","4":"has-post-thumbnail","6":"product_cat-belleza","7":"product_cat-promo","8":"product_cat-dermaglos-promo","9":"product_cat-dermocosmetica","10":"product_cat-ofertas","12":"first","13":"instock","14":"sale","15":"shipping-taxable","16":"purchasable","17":"product-type-simple"},"_links":{"self":[{"href":"https:\/\/farmaciadagostino.com.ar\/sitio\/wp-json\/wp\/v2\/product\/6410","targetHints":{"allow":["GET"]}}],"collection":[{"href":"https:\/\/farmaciadagostino.com.ar\/sitio\/wp-json\/wp\/v2\/product"}],"about":[{"href":"https:\/\/farmaciadagostino.com.ar\/sitio\/wp-json\/wp\/v2\/types\/product"}],"replies":[{"embeddable":true,"href":"https:\/\/farmaciadagostino.com.ar\/sitio\/wp-json\/wp\/v2\/comments?post=6410"}],"wp:featuredmedia":[{"embeddable":true,"href":"https:\/\/farmaciadagostino.com.ar\/sitio\/wp-json\/wp\/v2\/media\/3647"}],"wp:attachment":[{"href":"https:\/\/farmaciadagostino.com.ar\/sitio\/wp-json\/wp\/v2\/media?parent=6410"}],"wp:term":[{"taxonomy":"product_brand","embeddable":true,"href":"https:\/\/farmaciadagostino.com.ar\/sitio\/wp-json\/wp\/v2\/product_brand?post=6410"},{"taxonomy":"product_cat","embeddable":true,"href":"https:\/\/farmaciadagostino.com.ar\/sitio\/wp-json\/wp\/v2\/product_cat?post=6410"},{"taxonomy":"product_tag","embeddable":true,"href":"https:\/\/farmaciadagostino.com.ar\/sitio\/wp-json\/wp\/v2\/product_tag?post=6410"}],"curies":[{"name":"wp","href":"https:\/\/api.w.org\/{rel}","templated":true}]}}