{"id":6635,"date":"2024-06-09T13:27:52","date_gmt":"2024-06-09T16:27:52","guid":{"rendered":"https:\/\/farmaciadagostino.com.ar\/sitio\/producto\/aveno-infantil-shampoo-x250-ml\/"},"modified":"2026-03-09T10:18:17","modified_gmt":"2026-03-09T13:18:17","slug":"aveno-infantil-shampoo-x250-ml","status":"publish","type":"product","link":"https:\/\/farmaciadagostino.com.ar\/sitio\/producto\/aveno-infantil-shampoo-x250-ml\/","title":{"rendered":"Aveno Shampoo Infantil 250 ml"},"content":{"rendered":"<p>El shampoo Aveno Infantil limpia, humecta y protege hasta los cueros cabelludos mas sensibles y reactivos de los ni\u00f1os. Gracias a los beneficios de la avena, es hidratante, protector y emoliente. Otorga docilidad, brillo y suavidad al cabello. Reduce la seborrea del lactante y ayuda a mejorar los cabellos secos y deshidratados. No tiene conservantes y no irrita los ojos. Reduce potenciales al\u00e9rgenos gracias a que no posee fragancia.<\/p>\n<h5>Propiedades:<\/h5>\n<p>Con avena sativa &#8211; FSC &#8211; Testeado dermatol\u00f3gicamente &#8211; Testeado oftalmol\u00f3gicamente &#8211; Hipoalerg\u00e9nico- sin l\u00e1grimas.<\/p>\n<p>Sin alcohol &#8211; no testeado en animales &#8211; no contiene parabenos &#8211; sin siliconas c\u00edclicas &#8211; sin fragancias sint\u00e9ticas &#8211; no contiene perfume &#8211; sin colorantes sint\u00e9ticos &#8211; libre de gluten &#8211; sin ftalatos &#8211; sin sulfatos.<\/p>\n<h5>Modo de Uso:<\/h5>\n<p>Humedecer el cabello con agua tibia, y masajear suavemente el cuero cabelludo, colocando el Shampoo Aveno Infantil de acuerdo al largo del cabello. Dejar actuar 2 -3 minutos. En caso de cuero cabelludo graso o seborreico, repetir el lavado. Enjuagar con abundante agua tibia, y finalizar aplicando Acondicionador Infantil Aveno. <\/p>\n","protected":false},"excerpt":{"rendered":"<p>El shampoo Aveno Infantil limpia, humecta y protege hasta los cueros cabelludos mas sensibles y reactivos de los ni\u00f1os<\/p>\n","protected":false},"featured_media":3657,"comment_status":"open","ping_status":"closed","template":"","meta":[],"product_brand":[],"product_cat":[237,152,162],"product_tag":[],"class_list":{"0":"post-6635","1":"product","2":"type-product","3":"status-publish","4":"has-post-thumbnail","6":"product_cat-belleza","7":"product_cat-cuidado-personal","8":"product_cat-dermocosmetica","10":"first","11":"instock","12":"shipping-taxable","13":"purchasable","14":"product-type-simple"},"_links":{"self":[{"href":"https:\/\/farmaciadagostino.com.ar\/sitio\/wp-json\/wp\/v2\/product\/6635","targetHints":{"allow":["GET"]}}],"collection":[{"href":"https:\/\/farmaciadagostino.com.ar\/sitio\/wp-json\/wp\/v2\/product"}],"about":[{"href":"https:\/\/farmaciadagostino.com.ar\/sitio\/wp-json\/wp\/v2\/types\/product"}],"replies":[{"embeddable":true,"href":"https:\/\/farmaciadagostino.com.ar\/sitio\/wp-json\/wp\/v2\/comments?post=6635"}],"wp:featuredmedia":[{"embeddable":true,"href":"https:\/\/farmaciadagostino.com.ar\/sitio\/wp-json\/wp\/v2\/media\/3657"}],"wp:attachment":[{"href":"https:\/\/farmaciadagostino.com.ar\/sitio\/wp-json\/wp\/v2\/media?parent=6635"}],"wp:term":[{"taxonomy":"product_brand","embeddable":true,"href":"https:\/\/farmaciadagostino.com.ar\/sitio\/wp-json\/wp\/v2\/product_brand?post=6635"},{"taxonomy":"product_cat","embeddable":true,"href":"https:\/\/farmaciadagostino.com.ar\/sitio\/wp-json\/wp\/v2\/product_cat?post=6635"},{"taxonomy":"product_tag","embeddable":true,"href":"https:\/\/farmaciadagostino.com.ar\/sitio\/wp-json\/wp\/v2\/product_tag?post=6635"}],"curies":[{"name":"wp","href":"https:\/\/api.w.org\/{rel}","templated":true}]}}