{"id":6636,"date":"2024-06-09T13:27:52","date_gmt":"2024-06-09T16:27:52","guid":{"rendered":"https:\/\/farmaciadagostino.com.ar\/sitio\/producto\/aveno-capilar-acondicionador-x250-ml\/"},"modified":"2026-03-09T10:25:26","modified_gmt":"2026-03-09T13:25:26","slug":"aveno-capilar-acondicionador-x250-ml","status":"publish","type":"product","link":"https:\/\/farmaciadagostino.com.ar\/sitio\/producto\/aveno-capilar-acondicionador-x250-ml\/","title":{"rendered":"AVENO ACONDIC X 250 CC"},"content":{"rendered":"<p>El acondicionador Aveno es un restaurador capilar que protege e hidrata hasta las fibras capilares m\u00e1s sensibles.<br \/>\nRecomendado para cabellos finos, da\u00f1ados, quebradizos, faltos de brillo o maltratados.<br \/>\nPuede utilizarse solo o en combinaci\u00f3n con otros tratamientos dermatol\u00f3gicos o cosm\u00e9ticos.<br \/>\nFacilita el peinado, otorgando suavidad, docilidad y brillo natural.<br \/>\nCon aceite de tea tree, que ayuda a lograr un cabello brillante y saludable, debido a que elimina el exceso de aceite y otras part\u00edculas de suciedad.<br \/>\nMODO DE USO:<br \/>\nAplicar sobre el cabello h\u00famedo con fricciones suaves durante 3 o 4 minutos para facilitar la dispersi\u00f3n pareja del producto.<br \/>\nEnjuagar con abundante agua tibia.<br \/>\nUtilizar despu\u00e9s de cada lavado.<\/p>\n","protected":false},"excerpt":{"rendered":"<p>Restaurador capilar de uso diario con avena, para cabellos finos y maltratados.<\/p>\n","protected":false},"featured_media":14404,"comment_status":"open","ping_status":"closed","template":"","meta":[],"product_brand":[],"product_cat":[237,262,152,162,264],"product_tag":[],"class_list":{"0":"post-6636","1":"product","2":"type-product","3":"status-publish","4":"has-post-thumbnail","6":"product_cat-belleza","7":"product_cat-promo","8":"product_cat-cuidado-personal","9":"product_cat-dermocosmetica","10":"product_cat-ofertas","12":"first","13":"instock","14":"sale","15":"shipping-taxable","16":"purchasable","17":"product-type-simple"},"_links":{"self":[{"href":"https:\/\/farmaciadagostino.com.ar\/sitio\/wp-json\/wp\/v2\/product\/6636","targetHints":{"allow":["GET"]}}],"collection":[{"href":"https:\/\/farmaciadagostino.com.ar\/sitio\/wp-json\/wp\/v2\/product"}],"about":[{"href":"https:\/\/farmaciadagostino.com.ar\/sitio\/wp-json\/wp\/v2\/types\/product"}],"replies":[{"embeddable":true,"href":"https:\/\/farmaciadagostino.com.ar\/sitio\/wp-json\/wp\/v2\/comments?post=6636"}],"wp:featuredmedia":[{"embeddable":true,"href":"https:\/\/farmaciadagostino.com.ar\/sitio\/wp-json\/wp\/v2\/media\/14404"}],"wp:attachment":[{"href":"https:\/\/farmaciadagostino.com.ar\/sitio\/wp-json\/wp\/v2\/media?parent=6636"}],"wp:term":[{"taxonomy":"product_brand","embeddable":true,"href":"https:\/\/farmaciadagostino.com.ar\/sitio\/wp-json\/wp\/v2\/product_brand?post=6636"},{"taxonomy":"product_cat","embeddable":true,"href":"https:\/\/farmaciadagostino.com.ar\/sitio\/wp-json\/wp\/v2\/product_cat?post=6636"},{"taxonomy":"product_tag","embeddable":true,"href":"https:\/\/farmaciadagostino.com.ar\/sitio\/wp-json\/wp\/v2\/product_tag?post=6636"}],"curies":[{"name":"wp","href":"https:\/\/api.w.org\/{rel}","templated":true}]}}