{"id":6639,"date":"2024-06-09T13:27:52","date_gmt":"2024-06-09T16:27:52","guid":{"rendered":"https:\/\/farmaciadagostino.com.ar\/sitio\/producto\/aveno-emulsion-x400-ml\/"},"modified":"2026-03-09T10:25:26","modified_gmt":"2026-03-09T13:25:26","slug":"aveno-emulsion-x400-ml","status":"publish","type":"product","link":"https:\/\/farmaciadagostino.com.ar\/sitio\/producto\/aveno-emulsion-x400-ml\/","title":{"rendered":"Aveno Emulsi\u00f3n 400 ml"},"content":{"rendered":"<p>La emulsi\u00f3n Aveno hidrata, protege, calma y alivia hasta las pieles m\u00e1s sensibles. Recomendada para pieles irritadas, secas, deshidratadas y at\u00f3picas, favoreciendo la hidrataci\u00f3n diaria del cuerpo. Restaura el pH normal de la piel. Debido a su composici\u00f3n a base de avena, ayuda a retener el agua evitando la deshidrataci\u00f3n de la piel y manteni\u00e9ndola protegida de las posibles agresiones externas. Reconstituye la funci\u00f3n barrera de la piel. Es coadyuvante en casos de dermatitis, urticaria y rash cut\u00e1neo. Puede utilizarse solo o en combinaci\u00f3n con otros tratamientos dermatol\u00f3gicos o cosm\u00e9ticos<\/p>\n<h5>Propiedades:<\/h5>\n<p>Con avena sativa &#8211; FSC &#8211; Testeado dermatol\u00f3gicamente &#8211; Testeado oftalmol\u00f3gicamente &#8211; Hipoalerg\u00e9nico &#8211; con Pantenol.<\/p>\n<p>Sin alcohol &#8211; no testeado en animales &#8211; no contiene parabenos &#8211; sin fragancias sint\u00e9ticas &#8211; no contiene perfume &#8211; sin colorantes sint\u00e9ticos &#8211; libre de gluten &#8211; No comedog\u00e9nico &#8211; sin aceites minerales &#8211; sin filtro UV.<\/p>\n<h5>Modo de Uso:<\/h5>\n<p>Aplicar una cantidad considerable diariamente sobre la piel, masajeando suavemente hasta su absorci\u00f3n. Realizar la cantidad de aplicaciones necesarias seg\u00fan el tipo y estado de la piel. Puede utilizarse sola o en combinaci\u00f3n con otros tratamientos dermatol\u00f3gicos.<\/p>\n","protected":false},"excerpt":{"rendered":"<p>La emulsi\u00f3n Aveno hidrata, protege, calma y alivia hasta las pieles m\u00e1s sensibles<\/p>\n","protected":false},"featured_media":3645,"comment_status":"open","ping_status":"closed","template":"","meta":[],"product_brand":[],"product_cat":[237,152,162],"product_tag":[],"class_list":{"0":"post-6639","1":"product","2":"type-product","3":"status-publish","4":"has-post-thumbnail","6":"product_cat-belleza","7":"product_cat-cuidado-personal","8":"product_cat-dermocosmetica","10":"first","11":"instock","12":"shipping-taxable","13":"purchasable","14":"product-type-simple"},"_links":{"self":[{"href":"https:\/\/farmaciadagostino.com.ar\/sitio\/wp-json\/wp\/v2\/product\/6639","targetHints":{"allow":["GET"]}}],"collection":[{"href":"https:\/\/farmaciadagostino.com.ar\/sitio\/wp-json\/wp\/v2\/product"}],"about":[{"href":"https:\/\/farmaciadagostino.com.ar\/sitio\/wp-json\/wp\/v2\/types\/product"}],"replies":[{"embeddable":true,"href":"https:\/\/farmaciadagostino.com.ar\/sitio\/wp-json\/wp\/v2\/comments?post=6639"}],"wp:featuredmedia":[{"embeddable":true,"href":"https:\/\/farmaciadagostino.com.ar\/sitio\/wp-json\/wp\/v2\/media\/3645"}],"wp:attachment":[{"href":"https:\/\/farmaciadagostino.com.ar\/sitio\/wp-json\/wp\/v2\/media?parent=6639"}],"wp:term":[{"taxonomy":"product_brand","embeddable":true,"href":"https:\/\/farmaciadagostino.com.ar\/sitio\/wp-json\/wp\/v2\/product_brand?post=6639"},{"taxonomy":"product_cat","embeddable":true,"href":"https:\/\/farmaciadagostino.com.ar\/sitio\/wp-json\/wp\/v2\/product_cat?post=6639"},{"taxonomy":"product_tag","embeddable":true,"href":"https:\/\/farmaciadagostino.com.ar\/sitio\/wp-json\/wp\/v2\/product_tag?post=6639"}],"curies":[{"name":"wp","href":"https:\/\/api.w.org\/{rel}","templated":true}]}}