{"id":6662,"date":"2024-06-09T13:27:55","date_gmt":"2024-06-09T16:27:55","guid":{"rendered":"https:\/\/farmaciadagostino.com.ar\/sitio\/producto\/quelat-zinc-fte-com-x-30\/"},"modified":"2026-03-09T10:25:26","modified_gmt":"2026-03-09T13:25:26","slug":"quelat-zinc-fte-com-x-30","status":"publish","type":"product","link":"https:\/\/farmaciadagostino.com.ar\/sitio\/producto\/quelat-zinc-fte-com-x-30\/","title":{"rendered":"QUELAT ZINC FTE COM x 30"},"content":{"rendered":"<p>Efecto antioxidante en la cicatrizaci\u00f3n de heridas.<br \/>\nMejora la respuesta inmune en la protecci\u00f3n hep\u00e1tica.<br \/>\nControlar el acn\u00e9.<br \/>\nAumenta la absorci\u00f3n de la vitamina A.<br \/>\nFunci\u00f3n de la gl\u00e1ndula prost\u00e1tica y \u00f3rganos reproductivos.<br \/>\nMejora la salud ocular.<br \/>\nDisminuye el estr\u00e9s oxidativo del ejercicio.<br \/>\nMejora la funci\u00f3n cognitiva.<\/p>\n","protected":false},"excerpt":{"rendered":"<p>Quelat Zinc Forte: Zinc Quelato elemental 10 mg.<\/p>\n","protected":false},"featured_media":3854,"comment_status":"open","ping_status":"closed","template":"","meta":[],"product_brand":[],"product_cat":[149],"product_tag":[],"class_list":{"0":"post-6662","1":"product","2":"type-product","3":"status-publish","4":"has-post-thumbnail","6":"product_cat-farmacia","8":"first","9":"instock","10":"shipping-taxable","11":"purchasable","12":"product-type-simple"},"_links":{"self":[{"href":"https:\/\/farmaciadagostino.com.ar\/sitio\/wp-json\/wp\/v2\/product\/6662","targetHints":{"allow":["GET"]}}],"collection":[{"href":"https:\/\/farmaciadagostino.com.ar\/sitio\/wp-json\/wp\/v2\/product"}],"about":[{"href":"https:\/\/farmaciadagostino.com.ar\/sitio\/wp-json\/wp\/v2\/types\/product"}],"replies":[{"embeddable":true,"href":"https:\/\/farmaciadagostino.com.ar\/sitio\/wp-json\/wp\/v2\/comments?post=6662"}],"wp:featuredmedia":[{"embeddable":true,"href":"https:\/\/farmaciadagostino.com.ar\/sitio\/wp-json\/wp\/v2\/media\/3854"}],"wp:attachment":[{"href":"https:\/\/farmaciadagostino.com.ar\/sitio\/wp-json\/wp\/v2\/media?parent=6662"}],"wp:term":[{"taxonomy":"product_brand","embeddable":true,"href":"https:\/\/farmaciadagostino.com.ar\/sitio\/wp-json\/wp\/v2\/product_brand?post=6662"},{"taxonomy":"product_cat","embeddable":true,"href":"https:\/\/farmaciadagostino.com.ar\/sitio\/wp-json\/wp\/v2\/product_cat?post=6662"},{"taxonomy":"product_tag","embeddable":true,"href":"https:\/\/farmaciadagostino.com.ar\/sitio\/wp-json\/wp\/v2\/product_tag?post=6662"}],"curies":[{"name":"wp","href":"https:\/\/api.w.org\/{rel}","templated":true}]}}